CRAN Package Check Results for Package ottr

Last updated on 2022-10-02 22:51:45 CEST.

Flavor Version Tinstall Tcheck Ttotal Status Flags
r-devel-linux-x86_64-debian-clang 1.2.0 5.54 28.91 34.45 OK
r-devel-linux-x86_64-debian-gcc 1.2.0 4.01 22.34 26.35 OK
r-devel-linux-x86_64-fedora-clang 1.2.0 54.99 NOTE
r-devel-linux-x86_64-fedora-gcc 1.2.0 51.72 NOTE
r-devel-windows-x86_64 1.2.0 13.00 58.00 71.00 OK
r-patched-linux-x86_64 1.2.0 4.14 27.24 31.38 OK
r-release-linux-x86_64 1.2.0 5.39 27.16 32.55 OK
r-release-macos-arm64 1.2.0 18.00 NOTE
r-release-macos-x86_64 1.2.0 25.00 NOTE
r-release-windows-x86_64 1.2.0 20.00 53.00 73.00 OK
r-oldrel-macos-arm64 1.2.0 17.00 NOTE
r-oldrel-macos-x86_64 1.2.0 25.00 NOTE
r-oldrel-windows-ix86+x86_64 1.2.0 10.00 51.00 61.00 OK

Check Details

Version: 1.2.0
Check: dependencies in R code
Result: NOTE
    Namespaces in Imports field not imported from:
     ‘R6’ ‘jsonlite’
     All declared Imports should be used.
Flavors: r-devel-linux-x86_64-fedora-clang, r-devel-linux-x86_64-fedora-gcc, r-release-macos-arm64, r-release-macos-x86_64, r-oldrel-macos-arm64, r-oldrel-macos-x86_64