Last updated on 2024-07-17 20:57:06 CEST.
Flavor | Version | Tinstall | Tcheck | Ttotal | Status | Flags |
---|---|---|---|---|---|---|
r-devel-linux-x86_64-debian-clang | 1.0.0 | 6.64 | 39.25 | 45.89 | OK | |
r-devel-linux-x86_64-debian-gcc | 1.0.0 | 4.52 | 29.56 | 34.08 | OK | |
r-devel-linux-x86_64-fedora-clang | 1.0.0 | 57.53 | NOTE | |||
r-devel-linux-x86_64-fedora-gcc | 1.0.0 | 54.69 | NOTE | |||
r-devel-windows-x86_64 | 1.0.0 | 7.00 | 56.00 | 63.00 | OK | |
r-patched-linux-x86_64 | 1.0.0 | 5.53 | 38.04 | 43.57 | OK | |
r-release-linux-x86_64 | 1.0.0 | 4.65 | 38.42 | 43.07 | OK | |
r-release-macos-arm64 | 1.0.0 | 22.00 | OK | |||
r-release-macos-x86_64 | 1.0.0 | 30.00 | OK | |||
r-release-windows-x86_64 | 1.0.0 | 8.00 | 56.00 | 64.00 | OK | |
r-oldrel-macos-arm64 | 1.0.0 | 25.00 | OK | |||
r-oldrel-macos-x86_64 | 1.0.0 | 30.00 | OK | |||
r-oldrel-windows-x86_64 | 1.0.0 | 8.00 | 61.00 | 69.00 | OK |
Version: 1.0.0
Check: dependencies in R code
Result: NOTE
Namespaces in Imports field not imported from:
‘Rdpack’ ‘astsa’
All declared Imports should be used.
Flavors: r-devel-linux-x86_64-fedora-clang, r-devel-linux-x86_64-fedora-gcc