Last updated on 2024-04-17 20:57:43 CEST.
Flavor | Version | Tinstall | Tcheck | Ttotal | Status | Flags |
---|---|---|---|---|---|---|
r-devel-linux-x86_64-debian-clang | 0.2.5 | 125.50 | 93.97 | 219.47 | OK | |
r-devel-linux-x86_64-debian-gcc | 0.2.5 | 96.95 | 68.77 | 165.72 | OK | |
r-devel-linux-x86_64-fedora-clang | 0.2.5 | 289.68 | NOTE | |||
r-devel-linux-x86_64-fedora-gcc | 0.2.5 | 313.13 | OK | |||
r-prerel-macos-arm64 | 0.2.5 | 76.00 | NOTE | |||
r-prerel-windows-x86_64 | 0.2.5 | 88.00 | 114.00 | 202.00 | NOTE | |
r-patched-linux-x86_64 | 0.2.5 | 118.81 | 87.88 | 206.69 | OK | |
r-release-linux-x86_64 | 0.2.5 | 113.96 | 85.95 | 199.91 | OK | |
r-release-macos-arm64 | 0.2.5 | 74.00 | NOTE | |||
r-release-macos-x86_64 | 0.2.5 | 93.00 | NOTE | |||
r-release-windows-x86_64 | 0.2.5 | 116.00 | 134.00 | 250.00 | NOTE | |
r-oldrel-macos-arm64 | 0.2.5 | 70.00 | NOTE | |||
r-oldrel-windows-x86_64 | 0.2.5 | 104.00 | 128.00 | 232.00 | NOTE |
Version: 0.2.5
Check: installed package size
Result: NOTE
installed size is 6.1Mb
sub-directories of 1Mb or more:
doc 5.0Mb
Flavors: r-devel-linux-x86_64-fedora-clang, r-prerel-macos-arm64, r-prerel-windows-x86_64, r-release-macos-arm64, r-release-macos-x86_64, r-release-windows-x86_64, r-oldrel-macos-arm64, r-oldrel-windows-x86_64