Last updated on 2025-05-09 20:49:57 CEST.
Flavor | Version | Tinstall | Tcheck | Ttotal | Status | Flags |
---|---|---|---|---|---|---|
r-devel-linux-x86_64-debian-clang | 1.0.5 | 29.44 | 270.54 | 299.98 | NOTE | |
r-devel-linux-x86_64-debian-gcc | 1.0.5 | 14.75 | 173.39 | 188.14 | NOTE | |
r-devel-linux-x86_64-fedora-clang | 1.0.5 | 478.76 | OK | |||
r-devel-linux-x86_64-fedora-gcc | 1.0.5 | 472.84 | OK | |||
r-devel-windows-x86_64 | 1.0.5 | 28.00 | 224.00 | 252.00 | OK | |
r-patched-linux-x86_64 | 1.0.5 | 26.90 | 254.27 | 281.17 | OK | |
r-release-linux-x86_64 | 1.0.5 | 25.77 | 256.05 | 281.82 | OK | |
r-release-macos-arm64 | 1.0.5 | 118.00 | OK | |||
r-release-macos-x86_64 | 1.0.5 | 244.00 | OK | |||
r-release-windows-x86_64 | 1.0.5 | 28.00 | 221.00 | 249.00 | OK | |
r-oldrel-macos-arm64 | 1.0.5 | 102.00 | OK | |||
r-oldrel-macos-x86_64 | 1.0.5 | 182.00 | OK | |||
r-oldrel-windows-x86_64 | 1.0.5 | 39.00 | 300.00 | 339.00 | OK |
Version: 1.0.5
Check: CRAN incoming feasibility
Result: NOTE
Maintainer: ‘Steffen Kriewald <kriewald@pik-potsdam.de>’
No Authors@R field in DESCRIPTION.
Please add one, modifying
Authors@R: c(person(given = "Steffen",
family = "Kriewald",
role = c("aut", "cre"),
email = "kriewald@pik-potsdam.de"),
person(given = "Till",
family = "Fluschnik",
role = "aut"),
person(given = "Dominik",
family = "Reusser",
role = "aut"),
person(given = "Diego",
family = "Rybski",
role = "aut"))
as necessary.
Flavors: r-devel-linux-x86_64-debian-clang, r-devel-linux-x86_64-debian-gcc