Last updated on 2024-07-17 20:57:06 CEST.
Flavor | Version | Tinstall | Tcheck | Ttotal | Status | Flags |
---|---|---|---|---|---|---|
r-devel-linux-x86_64-debian-clang | 1.0-6.1 | 6.05 | 52.22 | 58.27 | NOTE | |
r-devel-linux-x86_64-debian-gcc | 1.0-6.1 | 3.56 | 37.92 | 41.48 | NOTE | |
r-devel-linux-x86_64-fedora-clang | 1.0-6.1 | 71.19 | NOTE | |||
r-devel-linux-x86_64-fedora-gcc | 1.0-6.1 | 68.04 | NOTE | |||
r-devel-windows-x86_64 | 1.0-6.1 | 5.00 | 80.00 | 85.00 | NOTE | |
r-patched-linux-x86_64 | 1.0-6.1 | 6.88 | 49.55 | 56.43 | NOTE | |
r-release-linux-x86_64 | 1.0-6.1 | 5.06 | 49.30 | 54.36 | NOTE | |
r-release-macos-arm64 | 1.0-6.1 | 22.00 | NOTE | |||
r-release-macos-x86_64 | 1.0-6.1 | 33.00 | NOTE | |||
r-release-windows-x86_64 | 1.0-6.1 | 6.00 | 81.00 | 87.00 | NOTE | |
r-oldrel-macos-arm64 | 1.0-6.1 | 29.00 | OK | |||
r-oldrel-macos-x86_64 | 1.0-6.1 | 37.00 | OK | |||
r-oldrel-windows-x86_64 | 1.0-6.1 | 6.00 | 86.00 | 92.00 | OK |
Version: 1.0-6.1
Check: Rd files
Result: NOTE
checkRd: (-1) polynomial.derivatives.Rd:18: Lost braces in \itemize; meant \describe ?
checkRd: (-1) polynomial.derivatives.Rd:19: Lost braces in \itemize; meant \describe ?
checkRd: (-1) polynomial.derivatives.Rd:21: Lost braces in \itemize; meant \describe ?
checkRd: (-1) polynomial.integrals.Rd:18: Lost braces in \itemize; meant \describe ?
checkRd: (-1) polynomial.integrals.Rd:19: Lost braces in \itemize; meant \describe ?
checkRd: (-1) polynomial.integrals.Rd:21: Lost braces in \itemize; meant \describe ?
Flavors: r-devel-linux-x86_64-debian-clang, r-devel-linux-x86_64-debian-gcc, r-devel-linux-x86_64-fedora-clang, r-devel-linux-x86_64-fedora-gcc, r-devel-windows-x86_64, r-patched-linux-x86_64, r-release-linux-x86_64, r-release-macos-arm64, r-release-macos-x86_64, r-release-windows-x86_64