Last updated on 2024-04-24 20:54:16 CEST.
Flavor | Version | Tinstall | Tcheck | Ttotal | Status | Flags |
---|---|---|---|---|---|---|
r-devel-linux-x86_64-debian-clang | 0.1.1 | 11.41 | 139.31 | 150.72 | NOTE | |
r-devel-linux-x86_64-debian-gcc | 0.1.1 | 9.48 | 102.44 | 111.92 | NOTE | |
r-devel-linux-x86_64-fedora-clang | 0.1.1 | 188.59 | NOTE | |||
r-devel-linux-x86_64-fedora-gcc | 0.1.1 | 197.62 | NOTE | |||
r-devel-windows-x86_64 | 0.1.1 | 13.00 | 127.00 | 140.00 | NOTE | |
r-patched-linux-x86_64 | 0.1.1 | 18.39 | 134.99 | 153.38 | NOTE | |
r-release-linux-x86_64 | 0.1.1 | 7.77 | 133.70 | 141.47 | OK | |
r-release-macos-arm64 | 0.1.1 | 58.00 | OK | |||
r-release-windows-x86_64 | 0.1.1 | 11.00 | 124.00 | 135.00 | NOTE | |
r-oldrel-macos-arm64 | 0.1.1 | 53.00 | NOTE | |||
r-oldrel-macos-x86_64 | 0.1.1 | 84.00 | OK | |||
r-oldrel-windows-x86_64 | 0.1.1 | 18.00 | 157.00 | 175.00 | OK |
Version: 0.1.1
Check: Rd files
Result: NOTE
checkRd: (-1) lra-ord.Rd:54: Lost braces in \itemize; \value handles \item{}{} directly
checkRd: (-1) lra-ord.Rd:55-56: Lost braces in \itemize; \value handles \item{}{} directly
checkRd: (-1) lra-ord.Rd:57-58: Lost braces in \itemize; \value handles \item{}{} directly
checkRd: (-1) lra-ord.Rd:59: Lost braces in \itemize; \value handles \item{}{} directly
checkRd: (-1) lra-ord.Rd:60: Lost braces in \itemize; \value handles \item{}{} directly
Flavors: r-devel-linux-x86_64-debian-clang, r-devel-linux-x86_64-debian-gcc, r-devel-linux-x86_64-fedora-clang, r-devel-linux-x86_64-fedora-gcc, r-devel-windows-x86_64, r-patched-linux-x86_64, r-release-windows-x86_64
Version: 0.1.1
Check: Rd cross-references
Result: NOTE
Undeclared package ‘pillar’ in Rd xrefs
Flavor: r-devel-linux-x86_64-fedora-clang
Version: 0.1.1
Check: data for non-ASCII characters
Result: NOTE
Note: found 4 marked UTF-8 strings
Flavors: r-devel-linux-x86_64-fedora-clang, r-devel-linux-x86_64-fedora-gcc, r-oldrel-macos-arm64