CRAN Package Check Results for Package ordbetareg

Last updated on 2022-09-28 21:51:44 CEST.

Flavor Version Tinstall Tcheck Ttotal Status Flags
r-devel-linux-x86_64-debian-clang 0.2.1 30.21 287.30 317.51 OK
r-devel-linux-x86_64-debian-gcc 0.2.1 26.16 209.42 235.58 OK
r-devel-linux-x86_64-fedora-clang 0.2.1 404.93 NOTE
r-devel-linux-x86_64-fedora-gcc 0.2.1 403.49 NOTE
r-devel-windows-x86_64 0.2.1 131.00 306.00 437.00 OK
r-patched-linux-x86_64 0.2.1 27.08 274.17 301.25 OK
r-release-linux-x86_64 0.2.1 21.75 278.66 300.41 OK
r-release-macos-arm64 0.2.1 112.00 NOTE
r-release-macos-x86_64 0.2.1 182.00 NOTE
r-release-windows-x86_64 0.2.1 134.00 318.00 452.00 OK
r-oldrel-macos-arm64 0.2.1 113.00 NOTE
r-oldrel-macos-x86_64 0.2.1 141.00 NOTE
r-oldrel-windows-ix86+x86_64 0.2.1 65.00 312.00 377.00 WARN

Check Details

Version: 0.2.1
Check: data for non-ASCII characters
Result: NOTE
     Note: found 36 marked UTF-8 strings
Flavors: r-devel-linux-x86_64-fedora-clang, r-devel-linux-x86_64-fedora-gcc, r-release-macos-arm64, r-release-macos-x86_64, r-oldrel-macos-arm64, r-oldrel-macos-x86_64

Version: 0.2.1
Check: re-building of vignette outputs
Result: WARN
    Error(s) in re-building vignettes:
    --- re-building 'package_introduction.Rmd' using rmarkdown
    Quitting from lines 204-212 (package_introduction.Rmd)
    Error: processing vignette 'package_introduction.Rmd' failed with diagnostics:
    Package `collapse` required for this function to work.
     Please install it by running `install.packages(`collapse`)`.
    --- failed re-building 'package_introduction.Rmd'
    
    SUMMARY: processing the following file failed:
     'package_introduction.Rmd'
    
    Error: Vignette re-building failed.
    Execution halted
Flavor: r-oldrel-windows-ix86+x86_64