Last updated on 2023-01-26 19:49:34 CET.
Flavor | Version | Tinstall | Tcheck | Ttotal | Status | Flags |
---|---|---|---|---|---|---|
r-devel-linux-x86_64-debian-clang | 0.2.5 | 13.67 | 111.47 | 125.14 | NOTE | |
r-devel-linux-x86_64-debian-gcc | 0.2.5 | 11.65 | 81.55 | 93.20 | NOTE | |
r-devel-linux-x86_64-fedora-clang | 0.2.5 | 152.53 | NOTE | |||
r-devel-linux-x86_64-fedora-gcc | 0.2.5 | 149.93 | NOTE | |||
r-patched-linux-x86_64 | 0.2.5 | 11.85 | 106.77 | 118.62 | NOTE | |
r-release-linux-x86_64 | 0.2.5 | 14.47 | 107.78 | 122.25 | NOTE | |
r-release-macos-arm64 | 0.2.5 | 38.00 | NOTE | |||
r-release-macos-x86_64 | 0.2.5 | 77.00 | NOTE | |||
r-release-windows-x86_64 | 0.2.5 | 22.00 | 115.00 | 137.00 | NOTE | |
r-oldrel-macos-arm64 | 0.2.5 | 46.00 | NOTE | |||
r-oldrel-macos-x86_64 | 0.2.5 | 68.00 | NOTE | |||
r-oldrel-windows-ix86+x86_64 | 0.2.5 | 30.00 | 122.00 | 152.00 | NOTE |
Version: 0.2.5
Check: package subdirectories
Result: NOTE
Problems with news in ‘NEWS.md’:
No news entries found.
Flavors: r-devel-linux-x86_64-debian-clang, r-devel-linux-x86_64-debian-gcc, r-devel-linux-x86_64-fedora-clang, r-devel-linux-x86_64-fedora-gcc
Version: 0.2.5
Check: LazyData
Result: NOTE
'LazyData' is specified without a 'data' directory
Flavors: r-devel-linux-x86_64-debian-clang, r-devel-linux-x86_64-debian-gcc, r-devel-linux-x86_64-fedora-clang, r-devel-linux-x86_64-fedora-gcc, r-patched-linux-x86_64, r-release-linux-x86_64, r-release-macos-arm64, r-release-macos-x86_64, r-release-windows-x86_64, r-oldrel-macos-arm64, r-oldrel-macos-x86_64, r-oldrel-windows-ix86+x86_64