CRAN Package Check Results for Package optweight

Last updated on 2024-02-25 19:50:05 CET.

Flavor Version Tinstall Tcheck Ttotal Status Flags
r-devel-linux-x86_64-debian-clang 0.2.5 13.35 107.94 121.29 NOTE
r-devel-linux-x86_64-debian-gcc 0.2.5 10.76 79.06 89.82 NOTE
r-devel-linux-x86_64-fedora-clang 0.2.5 145.15 NOTE
r-devel-linux-x86_64-fedora-gcc 0.2.5 139.89 NOTE
r-devel-windows-x86_64 0.2.5 13.00 90.00 103.00 NOTE
r-patched-linux-x86_64 0.2.5 12.00 104.95 116.95 NOTE
r-release-linux-x86_64 0.2.5 12.50 104.19 116.69 NOTE
r-release-macos-arm64 0.2.5 45.00 NOTE
r-release-macos-x86_64 0.2.5 74.00 NOTE
r-release-windows-x86_64 0.2.5 16.00 108.00 124.00 NOTE
r-oldrel-macos-arm64 0.2.5 38.00 NOTE
r-oldrel-windows-x86_64 0.2.5 16.00 109.00 125.00 NOTE

Check Details

Version: 0.2.5
Check: package subdirectories
Result: NOTE Problems with news in ‘NEWS.md’: No news entries found. Flavors: r-devel-linux-x86_64-debian-clang, r-devel-linux-x86_64-debian-gcc, r-devel-linux-x86_64-fedora-clang, r-devel-linux-x86_64-fedora-gcc, r-devel-windows-x86_64, r-patched-linux-x86_64, r-release-linux-x86_64, r-release-macos-arm64, r-release-macos-x86_64, r-release-windows-x86_64

Version: 0.2.5
Check: LazyData
Result: NOTE 'LazyData' is specified without a 'data' directory Flavors: r-devel-linux-x86_64-debian-clang, r-devel-linux-x86_64-debian-gcc, r-devel-linux-x86_64-fedora-clang, r-devel-linux-x86_64-fedora-gcc, r-devel-windows-x86_64, r-patched-linux-x86_64, r-release-linux-x86_64, r-release-macos-arm64, r-release-macos-x86_64, r-release-windows-x86_64, r-oldrel-macos-arm64, r-oldrel-windows-x86_64