Last updated on 2024-07-17 20:57:06 CEST.
Flavor | Version | Tinstall | Tcheck | Ttotal | Status | Flags |
---|---|---|---|---|---|---|
r-devel-linux-x86_64-debian-clang | 1.0.0 | 13.12 | 92.20 | 105.32 | NOTE | |
r-devel-linux-x86_64-debian-gcc | 1.0.0 | 10.65 | 66.69 | 77.34 | NOTE | |
r-devel-linux-x86_64-fedora-clang | 1.0.0 | 128.44 | NOTE | |||
r-devel-linux-x86_64-fedora-gcc | 1.0.0 | 121.57 | NOTE | |||
r-devel-windows-x86_64 | 1.0.0 | 12.00 | 76.00 | 88.00 | NOTE | |
r-patched-linux-x86_64 | 1.0.0 | 16.22 | 87.65 | 103.87 | NOTE | |
r-release-linux-x86_64 | 1.0.0 | 12.60 | 87.01 | 99.61 | NOTE | |
r-release-macos-arm64 | 1.0.0 | 48.00 | OK | |||
r-release-macos-x86_64 | 1.0.0 | 65.00 | OK | |||
r-release-windows-x86_64 | 1.0.0 | 10.00 | 78.00 | 88.00 | OK | |
r-oldrel-macos-arm64 | 1.0.0 | 44.00 | OK | |||
r-oldrel-macos-x86_64 | 1.0.0 | 67.00 | OK | |||
r-oldrel-windows-x86_64 | 1.0.0 | 13.00 | 97.00 | 110.00 | OK |
Version: 1.0.0
Check: for non-standard things in the check directory
Result: NOTE
Found the following files/directories:
‘Graph_layout_Doptrcd_trtE’
Flavors: r-devel-linux-x86_64-debian-clang, r-devel-linux-x86_64-debian-gcc, r-devel-linux-x86_64-fedora-clang, r-devel-linux-x86_64-fedora-gcc, r-patched-linux-x86_64, r-release-linux-x86_64
Version: 1.0.0
Check: Rd cross-references
Result: NOTE
Found the following Rd file(s) with Rd \link{} targets missing package
anchors:
graphoptrcd.mae.Rd: igraph
Please provide package anchors for all Rd \link{} targets not in the
package itself and the base packages.
Flavor: r-devel-windows-x86_64