Last updated on 2025-11-03 21:50:30 CET.
| Flavor | Version | Tinstall | Tcheck | Ttotal | Status | Flags | 
|---|---|---|---|---|---|---|
| r-devel-linux-x86_64-debian-clang | 0.3.1 | 2.57 | 37.05 | 39.62 | NOTE | |
| r-devel-linux-x86_64-debian-gcc | 0.3.1 | 1.99 | 28.88 | 30.87 | NOTE | |
| r-devel-linux-x86_64-fedora-clang | 0.3.1 | 59.37 | OK | |||
| r-devel-linux-x86_64-fedora-gcc | 0.3.1 | 83.64 | OK | |||
| r-devel-windows-x86_64 | 0.3.1 | 3.00 | 54.00 | 57.00 | OK | |
| r-patched-linux-x86_64 | 0.3.1 | 2.94 | 34.55 | 37.49 | OK | |
| r-release-linux-x86_64 | 0.3.1 | 2.26 | 35.08 | 37.34 | OK | |
| r-release-macos-arm64 | 0.3.1 | 2.00 | 40.00 | 42.00 | OK | |
| r-release-macos-x86_64 | 0.3.1 | 2.00 | 80.00 | 82.00 | OK | |
| r-release-windows-x86_64 | 0.3.1 | 4.00 | 54.00 | 58.00 | OK | |
| r-oldrel-macos-arm64 | 0.3.1 | 1.00 | 82.00 | 83.00 | OK | |
| r-oldrel-macos-x86_64 | 0.3.1 | 2.00 | 125.00 | 127.00 | OK | |
| r-oldrel-windows-x86_64 | 0.3.1 | 4.00 | 63.00 | 67.00 | OK | 
Version: 0.3.1
Check: CRAN incoming feasibility
Result: NOTE
  Maintainer: ‘Doug Kelkhoff <doug.kelkhoff@gmail.com>’
  
  Found the following (possibly) invalid URLs:
    URL: https://matrix.to/#/#r-pkg-options:matrix.org
      From: README.md
      Message: Invalid URL: '#' not allowed in fragment
Flavors: r-devel-linux-x86_64-debian-clang, r-devel-linux-x86_64-debian-gcc