CRAN Package Check Results for Package optifunset

Last updated on 2025-07-03 20:50:45 CEST.

Flavor Version Tinstall Tcheck Ttotal Status Flags
r-devel-linux-x86_64-debian-clang 1.0 1.38 16.03 17.41 NOTE
r-devel-linux-x86_64-debian-gcc 1.0 1.22 13.80 15.02 NOTE
r-devel-linux-x86_64-fedora-clang 1.0 27.56 OK
r-devel-linux-x86_64-fedora-gcc 1.0 25.09 OK
r-devel-windows-x86_64 1.0 2.00 35.00 37.00 OK
r-patched-linux-x86_64 1.0 1.51 14.84 16.35 OK
r-release-linux-x86_64 1.0 1.43 15.09 16.52 OK
r-release-macos-arm64 1.0 14.00 OK
r-release-macos-x86_64 1.0 21.00 OK
r-release-windows-x86_64 1.0 3.00 39.00 42.00 OK
r-oldrel-macos-arm64 1.0 13.00 OK
r-oldrel-macos-x86_64 1.0 17.00 OK
r-oldrel-windows-x86_64 1.0 2.00 32.00 34.00 OK

Check Details

Version: 1.0
Check: CRAN incoming feasibility
Result: NOTE Maintainer: ‘Nicholas Hamilton <n.hamilton@unsw.edu.au>’ No Authors@R field in DESCRIPTION. Please add one, modifying Authors@R: person(given = "Nicholas", family = "Hamilton", role = c("aut", "cre"), email = "n.hamilton@unsw.edu.au") as necessary. Flavors: r-devel-linux-x86_64-debian-clang, r-devel-linux-x86_64-debian-gcc