Last updated on 2024-04-25 20:48:31 CEST.
Flavor | Version | Tinstall | Tcheck | Ttotal | Status | Flags |
---|---|---|---|---|---|---|
r-devel-linux-x86_64-debian-clang | 1.8.0 | 14.66 | 141.94 | 156.60 | NOTE | |
r-devel-linux-x86_64-debian-gcc | 1.8.0 | 10.52 | 103.59 | 114.11 | NOTE | |
r-devel-linux-x86_64-fedora-clang | 1.8.0 | 190.60 | NOTE | |||
r-devel-linux-x86_64-fedora-gcc | 1.8.0 | 194.56 | NOTE | |||
r-devel-windows-x86_64 | 1.8.0 | 12.00 | 117.00 | 129.00 | NOTE | |
r-patched-linux-x86_64 | 1.8.0 | 8.69 | 134.22 | 142.91 | NOTE | |
r-release-linux-x86_64 | 1.8.0 | 12.33 | 130.46 | 142.79 | NOTE | |
r-release-macos-arm64 | 1.8.0 | 64.00 | NOTE | |||
r-release-windows-x86_64 | 1.8.0 | 12.00 | 112.00 | 124.00 | NOTE | |
r-oldrel-macos-arm64 | 1.8.0 | 58.00 | NOTE | |||
r-oldrel-macos-x86_64 | 1.8.0 | 101.00 | NOTE | |||
r-oldrel-windows-x86_64 | 1.8.0 | 18.00 | 141.00 | 159.00 | NOTE |
Version: 1.8.0
Check: package subdirectories
Result: NOTE
Problems with news in ‘NEWS.md’:
No news entries found.
Flavors: r-devel-linux-x86_64-debian-clang, r-devel-linux-x86_64-debian-gcc, r-devel-linux-x86_64-fedora-clang, r-devel-linux-x86_64-fedora-gcc, r-devel-windows-x86_64, r-patched-linux-x86_64, r-release-linux-x86_64, r-release-macos-arm64, r-release-windows-x86_64, r-oldrel-macos-arm64, r-oldrel-macos-x86_64, r-oldrel-windows-x86_64
Version: 1.8.0
Check: Rd files
Result: NOTE
checkRd: (-1) word_imp.Rd:14: Lost braces
14 | number of individual records. An \code{n} x code{2} dataframe can
| ^
Flavors: r-devel-linux-x86_64-debian-clang, r-devel-linux-x86_64-debian-gcc, r-devel-linux-x86_64-fedora-clang, r-devel-linux-x86_64-fedora-gcc, r-devel-windows-x86_64, r-patched-linux-x86_64, r-release-macos-arm64, r-release-windows-x86_64