Last updated on 2025-11-23 20:48:56 CET.
| Flavor | Version | Tinstall | Tcheck | Ttotal | Status | Flags |
|---|---|---|---|---|---|---|
| r-devel-linux-x86_64-debian-clang | 1.21 | 117.22 | 300.57 | 417.79 | OK | |
| r-devel-linux-x86_64-debian-gcc | 1.21 | 82.56 | 198.60 | 281.16 | OK | |
| r-devel-linux-x86_64-fedora-clang | 1.21 | 161.00 | 485.08 | 646.08 | OK | |
| r-devel-linux-x86_64-fedora-gcc | 1.21 | 494.00 | 240.56 | 734.56 | OK | |
| r-devel-windows-x86_64 | 1.21 | 121.00 | 270.00 | 391.00 | OK | |
| r-patched-linux-x86_64 | 1.21 | 123.87 | 274.75 | 398.62 | OK | |
| r-release-linux-x86_64 | 1.21 | 115.77 | 273.56 | 389.33 | OK | |
| r-release-macos-arm64 | 1.21 | OK | ||||
| r-release-macos-x86_64 | 1.21 | 72.00 | 279.00 | 351.00 | OK | |
| r-release-windows-x86_64 | 1.21 | 97.00 | 246.00 | 343.00 | ERROR | |
| r-oldrel-macos-arm64 | 1.21 | NOTE | ||||
| r-oldrel-macos-x86_64 | 1.21 | 72.00 | 271.00 | 343.00 | NOTE | |
| r-oldrel-windows-x86_64 | 1.21 | 105.00 | 341.00 | 446.00 | NOTE |
Version: 1.21
Check: tests
Result: ERROR
Running 'testthat.R' [41s]
Running the tests in 'tests/testthat.R' failed.
Complete output:
> library(testthat)
> library(openxlsx2)
>
> test_check("openxlsx2")
Starting 2 test processes.
> test-class-workbook.R: Loading required package: rvg
> test-class-workbook.R: Loading required package: ggplot2
> test-class-workbook.R: Loading required package: mschart
> test-class-workbook.R:
> test-class-workbook.R: Attaching package: 'mschart'
> test-class-workbook.R:
> test-class-workbook.R: The following object is masked from 'package:ggplot2':
> test-class-workbook.R:
> test-class-workbook.R: set_theme
> test-class-workbook.R:
> test-loading_workbook.R: File has duplicated custom section
> test-save.R:
Error:
! testthat subprocess exited in file 'test-save.R'.
Caused by error:
! R session crashed with exit code -1073741819
Backtrace:
▆
1. └─testthat::test_check("openxlsx2")
2. └─testthat::test_dir(...)
3. └─testthat:::test_files(...)
4. └─testthat:::test_files_parallel(...)
5. ├─withr::with_dir(...)
6. │ └─base::force(code)
7. ├─testthat::with_reporter(...)
8. │ └─base::tryCatch(...)
9. │ └─base (local) tryCatchList(expr, classes, parentenv, handlers)
10. │ └─base (local) tryCatchOne(expr, names, parentenv, handlers[[1L]])
11. │ └─base (local) doTryCatch(return(expr), name, parentenv, handler)
12. └─testthat:::parallel_event_loop_chunky(queue, reporters, ".")
13. └─queue$poll(Inf)
14. └─base::lapply(...)
15. └─testthat (local) FUN(X[[i]], ...)
16. └─private$handle_error(msg, i)
17. └─cli::cli_abort(...)
18. └─rlang::abort(...)
Execution halted
Flavor: r-release-windows-x86_64
Version: 1.21
Check: installed package size
Result: NOTE
installed size is 14.7Mb
sub-directories of 1Mb or more:
R 2.0Mb
libs 10.3Mb
Flavors: r-oldrel-macos-arm64, r-oldrel-macos-x86_64, r-oldrel-windows-x86_64