Last updated on 2023-11-29 19:54:15 CET.
Flavor | Version | Tinstall | Tcheck | Ttotal | Status | Flags |
---|---|---|---|---|---|---|
r-devel-linux-x86_64-debian-clang | 0.6.0 | 4.04 | 577.90 | 581.94 | NOTE | |
r-devel-linux-x86_64-debian-gcc | 0.6.0 | 2.56 | 418.67 | 421.23 | NOTE | |
r-devel-linux-x86_64-fedora-clang | 0.6.0 | 750.13 | NOTE | |||
r-devel-linux-x86_64-fedora-gcc | 0.6.0 | 771.59 | NOTE | |||
r-devel-windows-x86_64 | 0.6.0 | 5.00 | 400.00 | 405.00 | OK | |
r-patched-linux-x86_64 | 0.6.0 | 8.08 | 546.97 | 555.05 | NOTE | |
r-release-linux-x86_64 | 0.6.0 | 2.12 | 544.51 | 546.63 | NOTE | |
r-release-macos-arm64 | 0.6.0 | 192.00 | OK | |||
r-release-macos-x86_64 | 0.6.0 | 302.00 | OK | |||
r-release-windows-x86_64 | 0.6.0 | 5.00 | 600.00 | 605.00 | OK | |
r-oldrel-macos-arm64 | 0.6.0 | 162.00 | OK | |||
r-oldrel-macos-x86_64 | 0.6.0 | 248.00 | OK | |||
r-oldrel-windows-x86_64 | 0.6.0 | 6.00 | 544.00 | 550.00 | OK |
Version: 0.6.0
Check: package dependencies
Result: NOTE
Packages suggested but not available for checking: 'maptools', 'rgeos'
Flavors: r-devel-linux-x86_64-debian-clang, r-devel-linux-x86_64-debian-gcc, r-devel-linux-x86_64-fedora-clang, r-devel-linux-x86_64-fedora-gcc, r-patched-linux-x86_64, r-release-linux-x86_64