CRAN Package Check Results for Package openintro

Last updated on 2022-09-26 21:53:03 CEST.

Flavor Version Tinstall Tcheck Ttotal Status Flags
r-devel-linux-x86_64-debian-clang 2.4.0 38.06 199.29 237.35 OK
r-devel-linux-x86_64-debian-gcc 2.4.0 33.33 145.30 178.63 OK
r-devel-linux-x86_64-fedora-clang 2.4.0 301.40 NOTE
r-devel-linux-x86_64-fedora-gcc 2.4.0 302.03 NOTE
r-devel-windows-x86_64 2.4.0 276.00 358.00 634.00 NOTE
r-patched-linux-x86_64 2.4.0 40.91 177.21 218.12 OK
r-release-linux-x86_64 2.4.0 38.44 178.79 217.23 OK
r-release-macos-arm64 2.4.0 88.00 NOTE
r-release-macos-x86_64 2.4.0 116.00 NOTE
r-release-windows-x86_64 2.4.0 227.00 312.00 539.00 NOTE
r-oldrel-macos-arm64 2.4.0 86.00 NOTE
r-oldrel-macos-x86_64 2.4.0 114.00 NOTE
r-oldrel-windows-ix86+x86_64 2.4.0 69.00 270.00 339.00 NOTE

Check Details

Version: 2.4.0
Check: installed package size
Result: NOTE
     installed size is 5.1Mb
     sub-directories of 1Mb or more:
     data 4.2Mb
Flavors: r-devel-linux-x86_64-fedora-clang, r-devel-windows-x86_64, r-release-macos-arm64, r-release-macos-x86_64, r-release-windows-x86_64, r-oldrel-macos-arm64, r-oldrel-macos-x86_64, r-oldrel-windows-ix86+x86_64

Version: 2.4.0
Check: data for non-ASCII characters
Result: NOTE
     Note: found 2524 marked UTF-8 strings
Flavors: r-devel-linux-x86_64-fedora-clang, r-devel-linux-x86_64-fedora-gcc, r-release-macos-arm64, r-release-macos-x86_64, r-oldrel-macos-arm64, r-oldrel-macos-x86_64