Last updated on 2024-03-28 19:48:39 CET.
Flavor | Version | Tinstall | Tcheck | Ttotal | Status | Flags |
---|---|---|---|---|---|---|
r-devel-linux-x86_64-debian-clang | 2.4.0 | 34.43 | 182.88 | 217.31 | OK | |
r-devel-linux-x86_64-debian-gcc | 2.4.0 | 30.91 | 140.43 | 171.34 | OK | |
r-devel-linux-x86_64-fedora-clang | 2.4.0 | 279.59 | NOTE | |||
r-devel-linux-x86_64-fedora-gcc | 2.4.0 | 289.55 | NOTE | |||
r-devel-windows-x86_64 | 2.4.0 | 46.00 | 250.00 | 296.00 | NOTE | |
r-patched-linux-x86_64 | 2.4.0 | 32.10 | 178.73 | 210.83 | OK | |
r-release-linux-x86_64 | 2.4.0 | 26.44 | 174.54 | 200.98 | OK | |
r-release-macos-arm64 | 2.4.0 | 90.00 | NOTE | |||
r-release-macos-x86_64 | 2.4.0 | 137.00 | NOTE | |||
r-release-windows-x86_64 | 2.4.0 | 63.00 | 299.00 | 362.00 | NOTE | |
r-oldrel-macos-arm64 | 2.4.0 | 88.00 | NOTE | |||
r-oldrel-windows-x86_64 | 2.4.0 | 67.00 | 263.00 | 330.00 | NOTE |
Version: 2.4.0
Check: installed package size
Result: NOTE
installed size is 5.2Mb
sub-directories of 1Mb or more:
data 4.2Mb
Flavors: r-devel-linux-x86_64-fedora-clang, r-devel-windows-x86_64, r-release-macos-arm64, r-release-macos-x86_64, r-release-windows-x86_64, r-oldrel-macos-arm64, r-oldrel-windows-x86_64
Version: 2.4.0
Check: data for non-ASCII characters
Result: NOTE
Note: found 2524 marked UTF-8 strings
Flavors: r-devel-linux-x86_64-fedora-clang, r-devel-linux-x86_64-fedora-gcc, r-oldrel-macos-arm64