Last updated on 2024-03-28 19:48:39 CET.
Flavor | Version | Tinstall | Tcheck | Ttotal | Status | Flags |
---|---|---|---|---|---|---|
r-devel-linux-x86_64-debian-clang | 0.4.0 | 155.00 | 74.05 | 229.05 | OK | |
r-devel-linux-x86_64-debian-gcc | 0.4.0 | 116.13 | 39.03 | 155.16 | OK | |
r-devel-linux-x86_64-fedora-gcc | 0.4.0 | 306.06 | OK | |||
r-devel-windows-x86_64 | 0.4.0 | 123.00 | 179.00 | 302.00 | NOTE | |
r-patched-linux-x86_64 | 0.4.0 | 144.67 | 51.73 | 196.40 | OK | |
r-release-linux-x86_64 | 0.4.0 | 140.23 | 52.51 | 192.74 | OK | |
r-release-macos-arm64 | 0.4.0 | 74.00 | NOTE | |||
r-release-macos-x86_64 | 0.4.0 | 92.00 | NOTE | |||
r-release-windows-x86_64 | 0.4.0 | 119.00 | 217.00 | 336.00 | NOTE | |
r-oldrel-macos-arm64 | 0.4.0 | 69.00 | NOTE | |||
r-oldrel-windows-x86_64 | 0.4.0 | 183.00 | 188.00 | 371.00 | NOTE |
Version: 0.4.0
Check: installed package size
Result: NOTE
installed size is 30.3Mb
sub-directories of 1Mb or more:
libs 19.9Mb
share 10.2Mb
Flavors: r-devel-windows-x86_64, r-release-macos-arm64, r-release-macos-x86_64, r-release-windows-x86_64, r-oldrel-macos-arm64, r-oldrel-windows-x86_64