Last updated on 2024-04-18 21:56:59 CEST.
Flavor | Version | Tinstall | Tcheck | Ttotal | Status | Flags |
---|---|---|---|---|---|---|
r-devel-linux-x86_64-debian-clang | 2.2.11 | 6.66 | 45.07 | 51.73 | OK | |
r-devel-linux-x86_64-debian-gcc | 2.2.11 | 4.44 | 34.23 | 38.67 | OK | |
r-devel-linux-x86_64-fedora-clang | 2.2.11 | 65.00 | NOTE | |||
r-devel-linux-x86_64-fedora-gcc | 2.2.11 | 73.27 | NOTE | |||
r-prerel-macos-arm64 | 2.2.11 | 27.00 | OK | |||
r-prerel-windows-x86_64 | 2.2.11 | 6.00 | 53.00 | 59.00 | NOTE | |
r-patched-linux-x86_64 | 2.2.11 | 7.48 | 44.16 | 51.64 | OK | |
r-release-linux-x86_64 | 2.2.11 | 5.73 | 41.40 | 47.13 | OK | |
r-release-macos-arm64 | 2.2.11 | 30.00 | OK | |||
r-release-macos-x86_64 | 2.2.11 | 49.00 | OK | |||
r-release-windows-x86_64 | 2.2.11 | 8.00 | 56.00 | 64.00 | NOTE | |
r-oldrel-macos-arm64 | 2.2.11 | 26.00 | OK | |||
r-oldrel-windows-x86_64 | 2.2.11 | 8.00 | 62.00 | 70.00 | NOTE |
Version: 2.2.11
Check: data for non-ASCII characters
Result: NOTE
Note: found 4 marked UTF-8 strings
Flavors: r-devel-linux-x86_64-fedora-clang, r-devel-linux-x86_64-fedora-gcc
Version: 2.2.11
Check: package dependencies
Result: NOTE
Package suggested but not available for checking: 'unix'
Flavors: r-prerel-windows-x86_64, r-release-windows-x86_64, r-oldrel-windows-x86_64