Last updated on 2024-04-17 20:57:42 CEST.
Flavor | Version | Tinstall | Tcheck | Ttotal | Status | Flags |
---|---|---|---|---|---|---|
r-devel-linux-x86_64-debian-clang | 0.4 | 19.50 | 153.69 | 173.19 | OK | |
r-devel-linux-x86_64-debian-gcc | 0.4 | 15.34 | 112.16 | 127.50 | OK | |
r-devel-linux-x86_64-fedora-clang | 0.4 | 207.64 | OK | |||
r-devel-linux-x86_64-fedora-gcc | 0.4 | 204.76 | OK | |||
r-prerel-macos-arm64 | 0.4 | 5.00 | ERROR | |||
r-prerel-macos-x86_64 | 0.4 | 7.00 | ERROR | |||
r-prerel-windows-x86_64 | 0.4 | 16.00 | 124.00 | 140.00 | OK | |
r-patched-linux-x86_64 | 0.3.6 | 11.71 | 143.54 | 155.25 | OK | |
r-release-linux-x86_64 | 0.3.6 | 12.03 | 143.22 | 155.25 | OK | |
r-release-macos-arm64 | 0.4 | 11.00 | ERROR | |||
r-release-macos-x86_64 | 0.4 | 6.00 | ERROR | |||
r-release-windows-x86_64 | 0.4 | 16.00 | 130.00 | 146.00 | OK | |
r-oldrel-macos-arm64 | 0.4 | 12.00 | ERROR | |||
r-oldrel-windows-x86_64 | 0.4 | 16.00 | 158.00 | 174.00 | OK |
Version: 0.4
Check: package dependencies
Result: ERROR
Package required but not available: ‘mixAK’
See section ‘The DESCRIPTION file’ in the ‘Writing R Extensions’
manual.
Flavors: r-prerel-macos-arm64, r-prerel-macos-x86_64, r-release-macos-arm64, r-release-macos-x86_64, r-oldrel-macos-arm64