CRAN Package Check Results for Package ontoFAST

Last updated on 2023-02-03 20:51:31 CET.

Flavor Version Tinstall Tcheck Ttotal Status Flags
r-devel-linux-x86_64-debian-clang 1.0.0 9.15 73.47 82.62 OK
r-devel-linux-x86_64-debian-gcc 1.0.0 6.95 53.87 60.82 OK
r-devel-linux-x86_64-fedora-clang 1.0.0 106.30 NOTE
r-devel-linux-x86_64-fedora-gcc 1.0.0 99.98 NOTE
r-devel-windows-x86_64 1.0.0 14.00 107.00 121.00 OK
r-patched-linux-x86_64 1.0.0 9.53 71.76 81.29 OK
r-release-linux-x86_64 1.0.0 7.81 69.10 76.91 OK
r-release-macos-arm64 1.0.0 27.00 NOTE
r-release-macos-x86_64 1.0.0 57.00 NOTE
r-release-windows-x86_64 1.0.0 32.00 110.00 142.00 OK
r-oldrel-macos-arm64 1.0.0 35.00 NOTE
r-oldrel-macos-x86_64 1.0.0 46.00 NOTE
r-oldrel-windows-ix86+x86_64 1.0.0 23.00 97.00 120.00 OK

Additional issues

donttest

Check Details

Version: 1.0.0
Check: data for non-ASCII characters
Result: NOTE
     Note: found 34 marked UTF-8 strings
Flavors: r-devel-linux-x86_64-fedora-clang, r-devel-linux-x86_64-fedora-gcc, r-release-macos-arm64, r-release-macos-x86_64, r-oldrel-macos-arm64, r-oldrel-macos-x86_64