Last updated on 2024-07-26 20:50:05 CEST.
Flavor | Version | Tinstall | Tcheck | Ttotal | Status | Flags |
---|---|---|---|---|---|---|
r-devel-linux-x86_64-debian-clang | 0.1.2 | 29.74 | 27.02 | 56.76 | OK | |
r-devel-linux-x86_64-debian-gcc | 0.1.2 | 27.71 | 20.81 | 48.52 | OK | |
r-devel-linux-x86_64-fedora-clang | 0.1.2 | 79.01 | NOTE | |||
r-devel-linux-x86_64-fedora-gcc | 0.1.2 | 78.08 | NOTE | |||
r-devel-windows-x86_64 | 0.1.2 | 28.00 | 40.00 | 68.00 | OK | |
r-patched-linux-x86_64 | 0.1.2 | OK | ||||
r-release-linux-x86_64 | 0.1.2 | 31.14 | 25.63 | 56.77 | OK | |
r-release-macos-arm64 | 0.1.2 | 32.00 | OK | |||
r-release-macos-x86_64 | 0.1.2 | 41.00 | OK | |||
r-release-windows-x86_64 | 0.1.2 | 26.00 | 40.00 | 66.00 | OK | |
r-oldrel-macos-arm64 | 0.1.2 | 36.00 | OK | |||
r-oldrel-macos-x86_64 | 0.1.2 | 48.00 | OK | |||
r-oldrel-windows-x86_64 | 0.1.2 | 29.00 | 39.00 | 68.00 | OK |
Version: 0.1.2
Check: data for non-ASCII characters
Result: NOTE
Note: found 32 marked UTF-8 strings
Flavors: r-devel-linux-x86_64-fedora-clang, r-devel-linux-x86_64-fedora-gcc