Last updated on 2023-06-06 21:00:59 CEST.
Flavor | Version | Tinstall | Tcheck | Ttotal | Status | Flags |
---|---|---|---|---|---|---|
r-devel-linux-x86_64-debian-clang | 0.1.4 | 185.74 | 339.49 | 525.23 | NOTE | |
r-devel-linux-x86_64-debian-gcc | 0.1.4 | 156.58 | 260.21 | 416.79 | NOTE | |
r-devel-linux-x86_64-fedora-clang | 0.1.4 | 657.90 | NOTE | |||
r-devel-linux-x86_64-fedora-gcc | 0.1.4 | 745.47 | NOTE | |||
r-devel-windows-x86_64 | 0.1.4 | 144.00 | 300.00 | 444.00 | NOTE | |
r-patched-linux-x86_64 | 0.1.4 | 124.68 | 334.36 | 459.04 | NOTE | |
r-release-linux-x86_64 | 0.1.4 | 132.98 | 345.38 | 478.36 | NOTE | |
r-release-macos-arm64 | 0.1.4 | 196.00 | NOTE | |||
r-release-macos-x86_64 | 0.1.4 | 288.00 | ERROR | |||
r-release-windows-x86_64 | 0.1.4 | 189.00 | 378.00 | 567.00 | NOTE | |
r-oldrel-macos-arm64 | 0.1.4 | 165.00 | NOTE | |||
r-oldrel-macos-x86_64 | 0.1.4 | 247.00 | NOTE | |||
r-oldrel-windows-x86_64 | 0.1.4 | 180.00 | 381.00 | 561.00 | NOTE |
Version: 0.1.4
Check: for GNU extensions in Makefiles
Result: NOTE
GNU make is a SystemRequirements.
Flavors: r-devel-linux-x86_64-debian-clang, r-devel-linux-x86_64-debian-gcc, r-devel-linux-x86_64-fedora-clang, r-devel-linux-x86_64-fedora-gcc, r-devel-windows-x86_64, r-patched-linux-x86_64, r-release-linux-x86_64, r-release-macos-arm64, r-release-macos-x86_64, r-release-windows-x86_64, r-oldrel-macos-arm64, r-oldrel-macos-x86_64, r-oldrel-windows-x86_64
Version: 0.1.4
Check: installed package size
Result: NOTE
installed size is 42.3Mb
sub-directories of 1Mb or more:
doc 1.1Mb
libs 40.1Mb
Flavors: r-release-macos-arm64, r-release-macos-x86_64, r-oldrel-macos-arm64, r-oldrel-macos-x86_64
Version: 0.1.4
Check: re-building of vignette outputs
Result: ERROR
Error(s) in re-building vignettes:
...
--- re-building ‘avoiding-bias.Rmd’ using rmarkdown
Pandoc is required to build R Markdown vignettes but not available. Please make sure it is installed.
--- finished re-building ‘avoiding-bias.Rmd’
--- re-building ‘oncomsm.Rmd’ using rmarkdown
Pandoc is required to build R Markdown vignettes but not available. Please make sure it is installed.
Quitting from lines 52-58 (oncomsm.Rmd)
Error: processing vignette 'oncomsm.Rmd' failed with diagnostics:
attempt to apply non-function
--- failed re-building ‘oncomsm.Rmd’
--- re-building ‘prior-choice.Rmd’ using rmarkdown
Pandoc is required to build R Markdown vignettes but not available. Please make sure it is installed.
--- finished re-building ‘prior-choice.Rmd’
SUMMARY: processing the following file failed:
‘oncomsm.Rmd’
Error: Vignette re-building failed.
Execution halted
Flavor: r-release-macos-x86_64