Last updated on 2025-11-22 19:50:37 CET.
| Flavor | Version | Tinstall | Tcheck | Ttotal | Status | Flags |
|---|---|---|---|---|---|---|
| r-devel-linux-x86_64-debian-clang | 1.0.2 | 1.63 | 22.49 | 24.12 | NOTE | |
| r-devel-linux-x86_64-debian-gcc | 1.0.2 | 1.33 | 18.37 | 19.70 | NOTE | |
| r-devel-linux-x86_64-fedora-clang | 1.0.2 | 34.99 | OK | |||
| r-devel-linux-x86_64-fedora-gcc | 1.0.2 | 33.57 | OK | |||
| r-devel-windows-x86_64 | 1.0.2 | 3.00 | 45.00 | 48.00 | OK | |
| r-patched-linux-x86_64 | 1.0.2 | 1.50 | 21.17 | 22.67 | OK | |
| r-release-linux-x86_64 | 1.0.2 | 1.36 | 21.41 | 22.77 | OK | |
| r-release-macos-arm64 | 1.0.2 | OK | ||||
| r-release-macos-x86_64 | 1.0.2 | 1.00 | 27.00 | 28.00 | OK | |
| r-release-windows-x86_64 | 1.0.2 | 3.00 | 46.00 | 49.00 | OK | |
| r-oldrel-macos-arm64 | 1.0.2 | NOTE | ||||
| r-oldrel-macos-x86_64 | 1.0.2 | 2.00 | 21.00 | 23.00 | NOTE | |
| r-oldrel-windows-x86_64 | 1.0.2 | 2.00 | 51.00 | 53.00 | NOTE |
Version: 1.0.2
Check: CRAN incoming feasibility
Result: NOTE
Maintainer: ‘Matheus H. J. Saldanha <mhjsaldanha@gmail.com>’
The BugReports field in DESCRIPTION has
https://github.com/matheushjs/ollggamma
which should likely be
https://github.com/matheushjs/ollggamma/issues
instead.
Flavors: r-devel-linux-x86_64-debian-clang, r-devel-linux-x86_64-debian-gcc
Version: 1.0.2
Check: LazyData
Result: NOTE
'LazyData' is specified without a 'data' directory
Flavors: r-oldrel-macos-arm64, r-oldrel-macos-x86_64, r-oldrel-windows-x86_64