CRAN Package Check Results for Package ojsr

Last updated on 2023-06-05 21:59:13 CEST.

Flavor Version Tinstall Tcheck Ttotal Status Flags
r-devel-linux-x86_64-debian-clang 0.1.2 3.60 82.19 85.79 NOTE
r-devel-linux-x86_64-debian-gcc 0.1.2 2.66 61.66 64.32 NOTE
r-devel-linux-x86_64-fedora-clang 0.1.2 95.50 NOTE
r-devel-linux-x86_64-fedora-gcc 0.1.2 101.60 NOTE
r-devel-windows-x86_64 0.1.2 6.00 1013.00 1019.00 NOTE
r-patched-linux-x86_64 0.1.2 2.20 79.72 81.92 NOTE
r-release-linux-x86_64 0.1.2 2.24 80.35 82.59 NOTE
r-release-macos-arm64 0.1.2 1159.00 NOTE
r-release-macos-x86_64 0.1.2 1203.00 NOTE
r-release-windows-x86_64 0.1.2 6.00 1034.00 1040.00 NOTE
r-oldrel-macos-arm64 0.1.2 1051.00 NOTE
r-oldrel-macos-x86_64 0.1.2 1110.00 NOTE
r-oldrel-windows-x86_64 0.1.2 6.00 1047.00 1053.00 NOTE

Check Details

Version: 0.1.2
Check: LazyData
Result: NOTE
     'LazyData' is specified without a 'data' directory
Flavors: r-devel-linux-x86_64-debian-clang, r-devel-linux-x86_64-debian-gcc, r-devel-linux-x86_64-fedora-clang, r-devel-linux-x86_64-fedora-gcc, r-devel-windows-x86_64, r-patched-linux-x86_64, r-release-linux-x86_64, r-release-macos-arm64, r-release-macos-x86_64, r-release-windows-x86_64, r-oldrel-macos-arm64, r-oldrel-macos-x86_64, r-oldrel-windows-x86_64