CRAN Package Check Results for Package oii

Last updated on 2022-12-08 20:49:20 CET.

Flavor Version Tinstall Tcheck Ttotal Status Flags
r-devel-linux-x86_64-debian-clang 1.0.2.1 2.96 34.79 37.75 NOTE
r-devel-linux-x86_64-debian-gcc 1.0.2.1 1.78 27.78 29.56 NOTE
r-devel-linux-x86_64-fedora-clang 1.0.2.1 60.47 NOTE
r-devel-linux-x86_64-fedora-gcc 1.0.2.1 54.68 NOTE
r-devel-windows-x86_64 1.0.2.1 8.00 65.00 73.00 NOTE
r-patched-linux-x86_64 1.0.2.1 2.13 33.14 35.27 NOTE
r-release-linux-x86_64 1.0.2.1 2.70 33.85 36.55 NOTE
r-release-macos-arm64 1.0.2.1 18.00 NOTE
r-release-macos-x86_64 1.0.2.1 32.00 NOTE
r-release-windows-x86_64 1.0.2.1 10.00 61.00 71.00 NOTE
r-oldrel-macos-arm64 1.0.2.1 28.00 NOTE
r-oldrel-macos-x86_64 1.0.2.1 25.00 NOTE
r-oldrel-windows-ix86+x86_64 1.0.2.1 11.00 60.00 71.00 NOTE

Check Details

Version: 1.0.2.1
Check: LazyData
Result: NOTE
     'LazyData' is specified without a 'data' directory
Flavors: r-devel-linux-x86_64-debian-clang, r-devel-linux-x86_64-debian-gcc, r-devel-linux-x86_64-fedora-clang, r-devel-linux-x86_64-fedora-gcc, r-devel-windows-x86_64, r-patched-linux-x86_64, r-release-linux-x86_64, r-release-macos-arm64, r-release-macos-x86_64, r-release-windows-x86_64, r-oldrel-macos-arm64, r-oldrel-macos-x86_64, r-oldrel-windows-ix86+x86_64