Last updated on 2025-07-26 21:49:59 CEST.
Flavor | Version | Tinstall | Tcheck | Ttotal | Status | Flags |
---|---|---|---|---|---|---|
r-devel-linux-x86_64-debian-clang | 0.1.2 | 12.28 | 165.43 | 177.71 | NOTE | |
r-devel-linux-x86_64-debian-gcc | 0.1.2 | 8.25 | 113.68 | 121.93 | NOTE | |
r-devel-linux-x86_64-fedora-clang | 0.1.2 | 291.14 | NOTE | |||
r-devel-linux-x86_64-fedora-gcc | 0.1.2 | 288.60 | NOTE | |||
r-devel-windows-x86_64 | 0.1.2 | 16.00 | 158.00 | 174.00 | NOTE | |
r-patched-linux-x86_64 | 0.1.2 | 11.85 | 156.12 | 167.97 | NOTE | |
r-release-linux-x86_64 | 0.1.2 | 10.94 | 154.07 | 165.01 | NOTE | |
r-release-macos-arm64 | 0.1.2 | 77.00 | NOTE | |||
r-release-macos-x86_64 | 0.1.2 | 148.00 | NOTE | |||
r-release-windows-x86_64 | 0.1.2 | 15.00 | 159.00 | 174.00 | NOTE | |
r-oldrel-macos-arm64 | 0.1.2 | 69.00 | OK | |||
r-oldrel-macos-x86_64 | 0.1.2 | 109.00 | OK | |||
r-oldrel-windows-x86_64 | 0.1.2 | 23.00 | 204.00 | 227.00 | OK |
Version: 0.1.2
Check: DESCRIPTION meta-information
Result: NOTE
Missing dependency on R >= 4.1.0 because package code uses the pipe
|> or function shorthand \(...) syntax added in R 4.1.0.
File(s) using such syntax:
‘assign_rates.R’ ‘diagnose.R’ ‘utility_spatial.R’
‘write_trial_files.R’
Flavors: r-devel-linux-x86_64-debian-clang, r-devel-linux-x86_64-debian-gcc, r-devel-linux-x86_64-fedora-clang, r-devel-linux-x86_64-fedora-gcc, r-devel-windows-x86_64, r-patched-linux-x86_64, r-release-linux-x86_64, r-release-macos-arm64, r-release-macos-x86_64, r-release-windows-x86_64