Last updated on 2024-07-26 20:50:05 CEST.
Flavor | Version | Tinstall | Tcheck | Ttotal | Status | Flags |
---|---|---|---|---|---|---|
r-devel-linux-x86_64-debian-clang | 1.0.0 | 13.85 | 25.43 | 39.28 | OK | |
r-devel-linux-x86_64-debian-gcc | 1.0.0 | 11.32 | 21.38 | 32.70 | OK | |
r-devel-linux-x86_64-fedora-clang | 1.0.0 | 50.91 | OK | |||
r-devel-linux-x86_64-fedora-gcc | 1.0.0 | 50.32 | OK | |||
r-devel-windows-x86_64 | 1.0.0 | 12.00 | 38.00 | 50.00 | OK | |
r-patched-linux-x86_64 | 1.0.0 | OK | ||||
r-release-linux-x86_64 | 1.0.0 | 12.20 | 24.54 | 36.74 | OK | |
r-release-macos-arm64 | 1.0.0 | 24.00 | NOTE | |||
r-release-macos-x86_64 | 1.0.0 | 33.00 | NOTE | |||
r-release-windows-x86_64 | 1.0.0 | 11.00 | 36.00 | 47.00 | OK | |
r-oldrel-macos-arm64 | 1.0.0 | 23.00 | NOTE | |||
r-oldrel-macos-x86_64 | 1.0.0 | 34.00 | NOTE | |||
r-oldrel-windows-x86_64 | 1.0.0 | 12.00 | 39.00 | 51.00 | OK |
Version: 1.0.0
Check: installed package size
Result: NOTE
installed size is 5.4Mb
sub-directories of 1Mb or more:
data 5.3Mb
Flavors: r-release-macos-arm64, r-release-macos-x86_64, r-oldrel-macos-arm64, r-oldrel-macos-x86_64