Last updated on 2025-02-06 19:49:30 CET.
Flavor | Version | Tinstall | Tcheck | Ttotal | Status | Flags |
---|---|---|---|---|---|---|
r-devel-linux-x86_64-debian-clang | 0.2-3 | 5.53 | 28.86 | 34.39 | NOTE | |
r-devel-linux-x86_64-debian-gcc | 0.2-3 | 5.46 | 23.13 | 28.59 | NOTE | |
r-devel-linux-x86_64-fedora-clang | 0.2-3 | 65.54 | NOTE | |||
r-devel-linux-x86_64-fedora-gcc | 0.2-3 | 55.33 | NOTE | |||
r-devel-windows-x86_64 | 0.2-3 | 8.00 | 50.00 | 58.00 | NOTE | |
r-patched-linux-x86_64 | 0.2-3 | 8.90 | 27.72 | 36.62 | NOTE | |
r-release-linux-x86_64 | 0.2-3 | 6.05 | 27.67 | 33.72 | NOTE | |
r-release-macos-arm64 | 0.2-3 | 22.00 | NOTE | |||
r-release-macos-x86_64 | 0.2-3 | 32.00 | NOTE | |||
r-release-windows-x86_64 | 0.2-3 | 8.00 | 51.00 | 59.00 | NOTE | |
r-oldrel-macos-arm64 | 0.2-3 | 23.00 | OK | |||
r-oldrel-macos-x86_64 | 0.2-3 | 28.00 | OK | |||
r-oldrel-windows-x86_64 | 0.2-3 | 8.00 | 53.00 | 61.00 | OK |
Version: 0.2-3
Check: Rd files
Result: NOTE
checkRd: (-1) ocsApiUserProvisioningManager.Rd:87: Lost braces
87 | \item{code{addToGroup(userid, groupid)}}{
| ^
Flavors: r-devel-linux-x86_64-debian-clang, r-devel-linux-x86_64-debian-gcc, r-devel-linux-x86_64-fedora-clang, r-devel-linux-x86_64-fedora-gcc, r-devel-windows-x86_64, r-patched-linux-x86_64, r-release-linux-x86_64, r-release-macos-arm64, r-release-macos-x86_64, r-release-windows-x86_64
Version: 0.2-3
Check: Rd cross-references
Result: NOTE
Found the following Rd file(s) with Rd \link{} targets missing package
anchors:
ocs4RLogger.Rd: R6Class
ocsApiSharingManager.Rd: R6Class
ocsApiUserProvisioningManager.Rd: R6Class
ocsApiWebdavManager.Rd: R6Class
ocsManager.Rd: R6Class
ocsRequest.Rd: R6Class
Please provide package anchors for all Rd \link{} targets not in the
package itself and the base packages.
Flavors: r-devel-linux-x86_64-debian-clang, r-devel-linux-x86_64-debian-gcc, r-devel-windows-x86_64