CRAN Package Check Results for Package oceanmap

Last updated on 2023-09-22 20:52:00 CEST.

Flavor Version Tinstall Tcheck Ttotal Status Flags
r-devel-linux-x86_64-debian-clang 0.1.4 47.95 435.70 483.65 OK
r-devel-linux-x86_64-debian-gcc 0.1.4 39.38 314.73 354.11 OK
r-devel-linux-x86_64-fedora-clang 0.1.4 583.79 NOTE
r-devel-linux-x86_64-fedora-gcc 0.1.4 618.57 OK
r-devel-windows-x86_64 0.1.4 40.00 309.00 349.00 NOTE
r-patched-linux-x86_64 0.1.4 41.67 414.32 455.99 OK
r-release-linux-x86_64 0.1.4 29.78 408.98 438.76 OK
r-release-macos-arm64 0.1.4 177.00 NOTE
r-release-macos-x86_64 0.1.4 415.00 NOTE
r-release-windows-x86_64 0.1.4 53.00 407.00 460.00 NOTE
r-oldrel-macos-arm64 0.1.4 146.00 NOTE
r-oldrel-macos-x86_64 0.1.4 191.00 NOTE
r-oldrel-windows-x86_64 0.1.4 56.00 397.00 453.00 NOTE

Check Details

Version: 0.1.4
Check: installed package size
Result: NOTE
     installed size is 6.2Mb
     sub-directories of 1Mb or more:
     R 1.5Mb
     test_files 4.2Mb
Flavors: r-devel-linux-x86_64-fedora-clang, r-devel-windows-x86_64, r-release-macos-arm64, r-release-macos-x86_64, r-release-windows-x86_64, r-oldrel-macos-arm64, r-oldrel-macos-x86_64, r-oldrel-windows-x86_64