Last updated on 2024-03-27 19:56:58 CET.
Flavor | Version | Tinstall | Tcheck | Ttotal | Status | Flags |
---|---|---|---|---|---|---|
r-devel-linux-x86_64-debian-clang | 1.8.5 | 45.62 | 281.11 | 326.73 | OK | |
r-devel-linux-x86_64-debian-gcc | 1.8.5 | 41.90 | 201.71 | 243.61 | OK | |
r-devel-linux-x86_64-fedora-clang | 1.8.5 | 442.75 | NOTE | |||
r-devel-linux-x86_64-fedora-gcc | 1.8.5 | 444.30 | OK | |||
r-devel-windows-x86_64 | 1.8.5 | 42.00 | 186.00 | 228.00 | NOTE | |
r-patched-linux-x86_64 | 1.8.5 | 46.60 | 272.55 | 319.15 | OK | |
r-release-linux-x86_64 | 1.8.5 | 32.54 | 263.29 | 295.83 | OK | |
r-release-macos-arm64 | 1.8.5 | 106.00 | NOTE | |||
r-release-macos-x86_64 | 1.8.5 | 175.00 | NOTE | |||
r-release-windows-x86_64 | 1.8.5 | 56.00 | 235.00 | 291.00 | NOTE | |
r-oldrel-macos-arm64 | 1.8.5 | 99.00 | NOTE | |||
r-oldrel-windows-x86_64 | 1.8.5 | 60.00 | 239.00 | 299.00 | NOTE |
Version: 1.8.5
Check: installed package size
Result: NOTE
installed size is 9.5Mb
sub-directories of 1Mb or more:
R 1.5Mb
doc 5.7Mb
extdata 1.6Mb
Flavors: r-devel-linux-x86_64-fedora-clang, r-devel-windows-x86_64, r-release-macos-arm64, r-release-macos-x86_64, r-release-windows-x86_64, r-oldrel-macos-arm64, r-oldrel-windows-x86_64