Last updated on 2024-04-24 20:54:16 CEST.
Flavor | Version | Tinstall | Tcheck | Ttotal | Status | Flags |
---|---|---|---|---|---|---|
r-devel-linux-x86_64-debian-clang | 0.3.2 | 11.57 | 93.82 | 105.39 | OK | |
r-devel-linux-x86_64-debian-gcc | 0.3.2 | 8.65 | 69.22 | 77.87 | OK | |
r-devel-linux-x86_64-fedora-clang | 0.3.2 | 129.71 | NOTE | |||
r-devel-linux-x86_64-fedora-gcc | 0.3.2 | 135.66 | NOTE | |||
r-devel-windows-x86_64 | 0.3.2 | 13.00 | 105.00 | 118.00 | OK | |
r-patched-linux-x86_64 | 0.3.2 | 11.34 | 86.97 | 98.31 | OK | |
r-release-linux-x86_64 | 0.3.2 | 9.60 | 88.73 | 98.33 | OK | |
r-release-macos-arm64 | 0.3.2 | 71.00 | OK | |||
r-release-windows-x86_64 | 0.3.2 | 12.00 | 104.00 | 116.00 | OK | |
r-oldrel-macos-arm64 | 0.3.2 | 67.00 | OK | |||
r-oldrel-macos-x86_64 | 0.3.2 | 156.00 | OK | |||
r-oldrel-windows-x86_64 | 0.3.2 | 17.00 | 119.00 | 136.00 | OK |
Version: 0.3.2
Check: data for non-ASCII characters
Result: NOTE
Note: found 6986 marked UTF-8 strings
Flavors: r-devel-linux-x86_64-fedora-clang, r-devel-linux-x86_64-fedora-gcc