Last updated on 2025-07-12 20:50:37 CEST.
Flavor | Version | Tinstall | Tcheck | Ttotal | Status | Flags |
---|---|---|---|---|---|---|
r-devel-linux-x86_64-debian-clang | 0.1.1 | 7.46 | 105.13 | 112.59 | NOTE | |
r-devel-linux-x86_64-debian-gcc | 0.1.1 | 5.25 | 73.98 | 79.23 | NOTE | |
r-devel-linux-x86_64-fedora-clang | 0.1.1 | 180.91 | OK | |||
r-devel-linux-x86_64-fedora-gcc | 0.1.1 | 173.12 | OK | |||
r-devel-windows-x86_64 | 0.1.1 | 10.00 | 132.00 | 142.00 | OK | |
r-patched-linux-x86_64 | 0.1.1 | 7.57 | 96.61 | 104.18 | OK | |
r-release-linux-x86_64 | 0.1.1 | 8.09 | 96.71 | 104.80 | OK | |
r-release-macos-arm64 | 0.1.1 | 50.00 | OK | |||
r-release-macos-x86_64 | 0.1.1 | 92.00 | OK | |||
r-release-windows-x86_64 | 0.1.1 | 10.00 | 129.00 | 139.00 | OK | |
r-oldrel-macos-arm64 | 0.1.1 | 49.00 | OK | |||
r-oldrel-macos-x86_64 | 0.1.1 | 76.00 | OK | |||
r-oldrel-windows-x86_64 | 0.1.1 | 13.00 | 159.00 | 172.00 | OK |
Version: 0.1.1
Check: CRAN incoming feasibility
Result: NOTE
Maintainer: ‘Philip Stubbings <phil@parasec.net>’
No Authors@R field in DESCRIPTION.
Please add one, modifying
Authors@R: person(given = "Philip",
family = "Stubbings",
role = c("aut", "cre"),
email = "phil@parasec.net")
as necessary.
Flavors: r-devel-linux-x86_64-debian-clang, r-devel-linux-x86_64-debian-gcc