CRAN Package Check Results for Package oaColors

Last updated on 2025-11-23 20:48:55 CET.

Flavor Version Tinstall Tcheck Ttotal Status Flags
r-devel-linux-x86_64-debian-clang 0.0.4 1.68 21.72 23.40 NOTE
r-devel-linux-x86_64-debian-gcc 0.0.4 1.41 18.32 19.73 NOTE
r-devel-linux-x86_64-fedora-clang 0.0.4 34.33 OK
r-devel-linux-x86_64-fedora-gcc 0.0.4 33.68 OK
r-devel-windows-x86_64 0.0.4 3.00 39.00 42.00 OK
r-patched-linux-x86_64 0.0.4 1.72 20.66 22.38 OK
r-release-linux-x86_64 0.0.4 1.55 20.79 22.34 OK
r-release-macos-arm64 0.0.4 OK
r-release-macos-x86_64 0.0.4 2.00 25.00 27.00 OK
r-release-windows-x86_64 0.0.4 4.00 49.00 53.00 OK
r-oldrel-macos-arm64 0.0.4 OK
r-oldrel-macos-x86_64 0.0.4 2.00 20.00 22.00 OK
r-oldrel-windows-x86_64 0.0.4 3.00 43.00 46.00 OK

Check Details

Version: 0.0.4
Check: CRAN incoming feasibility
Result: NOTE Maintainer: ‘Jason Waddell <jason.waddell@openanalytics.eu>’ No Authors@R field in DESCRIPTION. Please add one, modifying Authors@R: person(given = "Jason", family = "Waddell", role = c("aut", "cre"), email = "jason.waddell@openanalytics.eu") as necessary. Flavors: r-devel-linux-x86_64-debian-clang, r-devel-linux-x86_64-debian-gcc