Last updated on 2025-11-02 23:49:45 CET.
| Flavor | Version | Tinstall | Tcheck | Ttotal | Status | Flags |
|---|---|---|---|---|---|---|
| r-devel-linux-x86_64-debian-clang | 0.4.1 | 19.67 | 231.77 | 251.44 | OK | |
| r-devel-linux-x86_64-debian-gcc | 0.4.1 | 14.81 | 155.76 | 170.57 | OK | |
| r-devel-linux-x86_64-fedora-clang | 0.4.1 | 41.00 | 335.33 | 376.33 | OK | |
| r-devel-linux-x86_64-fedora-gcc | 0.4.1 | 42.00 | 321.23 | 363.23 | OK | |
| r-devel-windows-x86_64 | 0.4.1 | 22.00 | 205.00 | 227.00 | OK | |
| r-patched-linux-x86_64 | 0.4.1 | 18.71 | 214.27 | 232.98 | OK | |
| r-release-linux-x86_64 | 0.4.1 | 20.32 | 213.90 | 234.22 | OK | |
| r-release-macos-arm64 | 0.4.1 | 9.00 | 61.00 | 70.00 | OK | |
| r-release-macos-x86_64 | 0.4.1 | 22.00 | 110.00 | 132.00 | OK | |
| r-release-windows-x86_64 | 0.4.1 | 21.00 | 199.00 | 220.00 | OK | |
| r-oldrel-macos-arm64 | 0.4.1 | 11.00 | 87.00 | 98.00 | NOTE | |
| r-oldrel-macos-x86_64 | 0.4.1 | 19.00 | 128.00 | 147.00 | OK | |
| r-oldrel-windows-x86_64 | 0.4.1 | 32.00 | 277.00 | 309.00 | OK |
Version: 0.4.1
Check: installed package size
Result: NOTE
installed size is 5.1Mb
sub-directories of 1Mb or more:
data 4.5Mb
Flavor: r-oldrel-macos-arm64