CRAN Package Check Results for Package nycflights13

Last updated on 2022-12-03 23:01:34 CET.

Flavor Version Tinstall Tcheck Ttotal Status Flags
r-devel-linux-x86_64-debian-clang 1.0.2 18.00 64.01 82.01 OK
r-devel-linux-x86_64-debian-gcc 1.0.2 16.11 49.93 66.04 OK
r-devel-linux-x86_64-fedora-clang 1.0.2 116.01 OK
r-devel-linux-x86_64-fedora-gcc 1.0.2 110.31 OK
r-devel-windows-x86_64 1.0.2 28.00 78.00 106.00 OK
r-patched-linux-x86_64 1.0.2 22.64 59.78 82.42 OK
r-release-linux-x86_64 1.0.2 15.90 59.34 75.24 OK
r-release-macos-arm64 1.0.2 46.00 NOTE
r-release-macos-x86_64 1.0.2 51.00 OK
r-release-windows-x86_64 1.0.2 27.00 92.00 119.00 OK
r-oldrel-macos-arm64 1.0.2 47.00 NOTE
r-oldrel-macos-x86_64 1.0.2 77.00 OK
r-oldrel-windows-ix86+x86_64 1.0.2 34.00 91.00 125.00 OK

Check Details

Version: 1.0.2
Check: installed package size
Result: NOTE
     installed size is 5.1Mb
     sub-directories of 1Mb or more:
     data 5.0Mb
Flavors: r-release-macos-arm64, r-oldrel-macos-arm64