Last updated on 2023-05-30 21:58:49 CEST.
Flavor | Version | Tinstall | Tcheck | Ttotal | Status | Flags |
---|---|---|---|---|---|---|
r-devel-linux-x86_64-debian-clang | 1.3.0 | 101.00 | 192.12 | 293.12 | NOTE | |
r-devel-linux-x86_64-debian-gcc | 1.3.0 | 79.50 | 142.70 | 222.20 | NOTE | |
r-devel-linux-x86_64-fedora-clang | 1.3.0 | 390.56 | NOTE | |||
r-devel-linux-x86_64-fedora-gcc | 1.3.0 | 376.03 | NOTE | |||
r-devel-windows-x86_64 | 1.3.0 | 81.00 | 187.00 | 268.00 | NOTE | |
r-patched-linux-x86_64 | 1.3.0 | 83.52 | 177.27 | 260.79 | NOTE | |
r-release-linux-x86_64 | 1.3.0 | 84.05 | 177.10 | 261.15 | NOTE | |
r-release-macos-arm64 | 1.3.0 | 108.00 | NOTE | |||
r-release-macos-x86_64 | 1.3.0 | 169.00 | NOTE | |||
r-release-windows-x86_64 | 1.3.0 | 111.00 | 229.00 | 340.00 | NOTE | |
r-oldrel-macos-arm64 | 1.3.0 | 102.00 | NOTE | |||
r-oldrel-macos-x86_64 | 1.3.0 | 131.00 | NOTE | |||
r-oldrel-windows-x86_64 | 1.3.0 | 106.00 | 208.00 | 314.00 | NOTE |
Version: 1.3.0
Check: for GNU extensions in Makefiles
Result: NOTE
GNU make is a SystemRequirements.
Flavors: r-devel-linux-x86_64-debian-clang, r-devel-linux-x86_64-debian-gcc, r-devel-linux-x86_64-fedora-clang, r-devel-linux-x86_64-fedora-gcc, r-devel-windows-x86_64, r-patched-linux-x86_64, r-release-linux-x86_64, r-release-macos-arm64, r-release-macos-x86_64, r-release-windows-x86_64, r-oldrel-macos-arm64, r-oldrel-macos-x86_64, r-oldrel-windows-x86_64
Version: 1.3.0
Check: package dependencies
Result: NOTE
Imports includes 30 non-default packages.
Importing from so many packages makes the package vulnerable to any of
them becoming unavailable. Move as many as possible to Suggests and
use conditionally.
Flavor: r-devel-linux-x86_64-fedora-clang
Version: 1.3.0
Check: installed package size
Result: NOTE
installed size is 5.1Mb
sub-directories of 1Mb or more:
data 4.2Mb
Flavors: r-devel-linux-x86_64-fedora-clang, r-devel-windows-x86_64, r-release-macos-arm64, r-release-macos-x86_64, r-release-windows-x86_64, r-oldrel-macos-arm64, r-oldrel-macos-x86_64, r-oldrel-windows-x86_64
Version: 1.3.0
Check: dependencies in R code
Result: NOTE
Namespaces in Imports field not imported from:
‘R.utils’ ‘optparse’ ‘vcfR’
All declared Imports should be used.
Flavors: r-devel-linux-x86_64-fedora-clang, r-devel-linux-x86_64-fedora-gcc