CRAN Package Check Results for Package nucim

Last updated on 2022-12-07 21:55:31 CET.

Flavor Version Tinstall Tcheck Ttotal Status Flags
r-devel-linux-x86_64-debian-clang 1.0.11 12.40 115.76 128.16 NOTE
r-devel-linux-x86_64-debian-gcc 1.0.11 10.30 86.00 96.30 NOTE
r-devel-linux-x86_64-fedora-clang 1.0.11 164.50 NOTE
r-devel-linux-x86_64-fedora-gcc 1.0.11 173.57 NOTE
r-devel-windows-x86_64 1.0.11 33.00 128.00 161.00 NOTE
r-patched-linux-x86_64 1.0.11 12.41 107.10 119.51 OK
r-release-linux-x86_64 1.0.11 14.51 104.99 119.50 OK
r-release-macos-arm64 1.0.11 44.00 OK
r-release-macos-x86_64 1.0.11 72.00 OK
r-release-windows-x86_64 1.0.11 36.00 135.00 171.00 OK
r-oldrel-macos-arm64 1.0.11 55.00 OK
r-oldrel-macos-x86_64 1.0.11 56.00 OK
r-oldrel-windows-ix86+x86_64 1.0.11 28.00 131.00 159.00 OK

Check Details

Version: 1.0.11
Check: package subdirectories
Result: NOTE
    Problems with news in 'NEWS.md':
    No news entries found.
Flavors: r-devel-linux-x86_64-debian-clang, r-devel-linux-x86_64-debian-gcc, r-devel-linux-x86_64-fedora-clang, r-devel-linux-x86_64-fedora-gcc, r-devel-windows-x86_64