Last updated on 2025-05-03 21:51:25 CEST.
Flavor | Version | Tinstall | Tcheck | Ttotal | Status | Flags |
---|---|---|---|---|---|---|
r-devel-linux-x86_64-debian-clang | 1.1 | 9.26 | 83.98 | 93.24 | NOTE | |
r-devel-linux-x86_64-debian-gcc | 1.1 | 6.09 | 61.27 | 67.36 | NOTE | |
r-devel-linux-x86_64-fedora-clang | 1.1 | 145.18 | NOTE | |||
r-devel-linux-x86_64-fedora-gcc | 1.1 | 149.97 | NOTE | |||
r-devel-windows-x86_64 | 1.1 | 13.00 | 107.00 | 120.00 | NOTE | |
r-patched-linux-x86_64 | 1.1 | 10.91 | 81.05 | 91.96 | NOTE | |
r-release-linux-x86_64 | NOTE | |||||
r-release-macos-arm64 | 1.1 | 43.00 | NOTE | |||
r-release-macos-x86_64 | 1.1 | 80.00 | NOTE | |||
r-release-windows-x86_64 | 1.1 | 11.00 | 94.00 | 105.00 | NOTE | |
r-oldrel-macos-arm64 | 1.1 | 41.00 | NOTE | |||
r-oldrel-macos-x86_64 | 1.1 | 59.00 | NOTE | |||
r-oldrel-windows-x86_64 | 1.1 | 15.00 | 113.00 | 128.00 | NOTE |
Version: 1.1
Check: CRAN incoming feasibility
Result: NOTE
Maintainer: ‘Sonia Perez Fernandez <uo217889@uniovi.es>’
No Authors@R field in DESCRIPTION.
Please add one, modifying
Authors@R: person(given = c("Sonia", "Perez"),
family = "Fernandez",
role = c("aut", "cre"),
email = "uo217889@uniovi.es")
as necessary.
Flavors: r-devel-linux-x86_64-debian-clang, r-devel-linux-x86_64-debian-gcc
Version: 1.1
Check: Rd files
Result: NOTE
checkRd: (-1) ROCbands.Rd:56: Lost braces in \itemize; meant \describe ?
checkRd: (-1) ROCbands.Rd:64: Lost braces in \itemize; meant \describe ?
checkRd: (-1) ROCbands.Rd:72: Lost braces in \itemize; meant \describe ?
checkRd: (-1) cdROC.Rd:62: Lost braces in \itemize; meant \describe ?
checkRd: (-1) cdROC.Rd:68: Lost braces in \itemize; meant \describe ?
checkRd: (-1) cdROC.Rd:72: Lost braces in \itemize; meant \describe ?
checkRd: (-1) cdROC.Rd:78: Lost braces in \itemize; meant \describe ?
checkRd: (-1) cdROC.Rd:82: Lost braces in \itemize; meant \describe ?
checkRd: (-1) checkROC.Rd:26: Lost braces in \itemize; meant \describe ?
checkRd: (-1) checkROC.Rd:27: Lost braces in \itemize; meant \describe ?
checkRd: (-1) checkROC.Rd:28: Lost braces in \itemize; meant \describe ?
checkRd: (-1) checkROC.Rd:29: Lost braces in \itemize; meant \describe ?
checkRd: (-1) checkROC.Rd:30: Lost braces in \itemize; meant \describe ?
checkRd: (-1) compareROCdep.Rd:91: Lost braces in \itemize; meant \describe ?
checkRd: (-1) compareROCdep.Rd:95: Lost braces in \itemize; meant \describe ?
checkRd: (-1) compareROCdep.Rd:99: Lost braces in \itemize; meant \describe ?
checkRd: (-1) compareROCdep.Rd:103: Lost braces in \itemize; meant \describe ?
checkRd: (-1) compareROCindep.Rd:88: Lost braces in \itemize; meant \describe ?
checkRd: (-1) compareROCindep.Rd:94: Lost braces in \itemize; meant \describe ?
checkRd: (-1) compareROCindep.Rd:100: Lost braces in \itemize; meant \describe ?
checkRd: (-1) metaROC.Rd:23: Lost braces in \itemize; meant \describe ?
checkRd: (-1) metaROC.Rd:24: Lost braces in \itemize; meant \describe ?
checkRd: (-1) metaROC.Rd:25: Lost braces in \itemize; meant \describe ?
checkRd: (-1) metaROC.Rd:26: Lost braces in \itemize; meant \describe ?
checkRd: (-1) metaROC.Rd:27: Lost braces in \itemize; meant \describe ?
checkRd: (-1) metaROC.Rd:77: Lost braces in \itemize; \value handles \item{}{} directly
checkRd: (-1) metaROC.Rd:78: Lost braces in \itemize; \value handles \item{}{} directly
checkRd: (-1) metaROC.Rd:79: Lost braces in \itemize; \value handles \item{}{} directly
checkRd: (-1) metaROC.Rd:80: Lost braces in \itemize; \value handles \item{}{} directly
Flavors: r-devel-linux-x86_64-debian-clang, r-devel-linux-x86_64-debian-gcc, r-devel-linux-x86_64-fedora-clang, r-devel-linux-x86_64-fedora-gcc, r-devel-windows-x86_64, r-patched-linux-x86_64, r-release-linux-x86_64, r-release-macos-arm64, r-release-macos-x86_64, r-release-windows-x86_64, r-oldrel-macos-arm64, r-oldrel-macos-x86_64, r-oldrel-windows-x86_64