Last updated on 2024-07-17 20:57:06 CEST.
Flavor | Version | Tinstall | Tcheck | Ttotal | Status | Flags |
---|---|---|---|---|---|---|
r-devel-linux-x86_64-debian-clang | 2.0.0 | 5.45 | 49.84 | 55.29 | OK | |
r-devel-linux-x86_64-debian-gcc | 2.0.0 | 3.82 | 36.58 | 40.40 | OK | |
r-devel-linux-x86_64-fedora-clang | 2.0.0 | 67.28 | OK | |||
r-devel-linux-x86_64-fedora-gcc | 2.0.0 | 63.07 | OK | |||
r-devel-windows-x86_64 | 2.0.0 | 5.00 | 72.00 | 77.00 | NOTE | |
r-patched-linux-x86_64 | 2.0.0 | 7.93 | 45.46 | 53.39 | OK | |
r-release-linux-x86_64 | 2.0.0 | 5.40 | 46.90 | 52.30 | OK | |
r-release-macos-arm64 | 2.0.0 | 30.00 | OK | |||
r-release-macos-x86_64 | 2.0.0 | 34.00 | OK | |||
r-release-windows-x86_64 | 2.0.0 | 6.00 | 73.00 | 79.00 | OK | |
r-oldrel-macos-arm64 | 2.0.0 | 36.00 | OK | |||
r-oldrel-macos-x86_64 | 2.0.0 | 69.00 | OK | |||
r-oldrel-windows-x86_64 | 2.0.0 | 7.00 | 120.00 | 127.00 | OK |
Version: 2.0.0
Check: Rd cross-references
Result: NOTE
Found the following Rd file(s) with Rd \link{} targets missing package
anchors:
aligned.test.Rd: rfit
knn_cv.Rd: knn
Please provide package anchors for all Rd \link{} targets not in the
package itself and the base packages.
Flavor: r-devel-windows-x86_64