CRAN Package Check Results for Package norm

Last updated on 2025-05-06 20:50:47 CEST.

Flavor Version Tinstall Tcheck Ttotal Status Flags
r-devel-linux-x86_64-debian-clang 1.0-11.1 4.63 21.51 26.14 NOTE
r-devel-linux-x86_64-debian-gcc 1.0-11.1 3.13 17.67 20.80 NOTE
r-devel-linux-x86_64-fedora-clang 1.0-11.1 40.75 OK
r-devel-linux-x86_64-fedora-gcc 1.0-11.1 38.69 OK
r-devel-windows-x86_64 1.0-11.1 6.00 48.00 54.00 OK
r-patched-linux-x86_64 1.0-11.1 3.89 20.70 24.59 OK
r-release-linux-x86_64 1.0-11.1 3.63 20.79 24.42 OK
r-release-macos-arm64 1.0-11.1 20.00 OK
r-release-macos-x86_64 1.0-11.1 43.00 OK
r-release-windows-x86_64 1.0-11.1 7.00 54.00 61.00 OK
r-oldrel-macos-arm64 1.0-11.1 21.00 OK
r-oldrel-macos-x86_64 1.0-11.1 25.00 OK
r-oldrel-windows-x86_64 1.0-11.1 7.00 46.00 53.00 OK

Check Details

Version: 1.0-11.1
Check: CRAN incoming feasibility
Result: NOTE Maintainer: ‘John Fox <jfox@mcmaster.ca>’ No Authors@R field in DESCRIPTION. Please add one, modifying Authors@R: c(person(given = c("Ported", "to", "R", "by", "Alvaro", "A.", "Novo.", "Original", "by", "Joseph", "L.", "Schafer"), family = "<jls@stat.psu.edu>.", role = "aut", email = "jls@stat.psu.edu"), person(given = "John", family = "Fox", role = "cre", email = "jfox@mcmaster.ca")) as necessary. Flavors: r-devel-linux-x86_64-debian-clang, r-devel-linux-x86_64-debian-gcc