Last updated on 2024-07-17 20:57:06 CEST.
Flavor | Version | Tinstall | Tcheck | Ttotal | Status | Flags |
---|---|---|---|---|---|---|
r-devel-linux-x86_64-debian-clang | 1.4.2 | 34.35 | 380.50 | 414.85 | OK | |
r-devel-linux-x86_64-debian-gcc | 1.4.2 | 29.92 | 261.84 | 291.76 | OK | |
r-devel-linux-x86_64-fedora-clang | 1.4.2 | 503.36 | OK | |||
r-devel-linux-x86_64-fedora-gcc | 1.4.2 | 470.55 | OK | |||
r-devel-windows-x86_64 | 1.4.2 | 29.00 | 233.00 | 262.00 | NOTE | |
r-patched-linux-x86_64 | 1.4.2 | 38.47 | 356.96 | 395.43 | OK | |
r-release-linux-x86_64 | 1.4.2 | 36.87 | 341.42 | 378.29 | OK | |
r-release-macos-arm64 | 1.4.2 | 108.00 | OK | |||
r-release-macos-x86_64 | 1.4.2 | 181.00 | OK | |||
r-release-windows-x86_64 | 1.4.2 | 30.00 | 236.00 | 266.00 | OK | |
r-oldrel-macos-arm64 | 1.4.2 | 111.00 | OK | |||
r-oldrel-macos-x86_64 | 1.4.2 | 318.00 | OK | |||
r-oldrel-windows-x86_64 | 1.4.2 | 40.00 | 344.00 | 384.00 | OK |
Version: 1.4.2
Check: Rd cross-references
Result: NOTE
Found the following Rd file(s) with Rd \link{} targets missing package
anchors:
phyplot.Rd: axisPhylo
Please provide package anchors for all Rd \link{} targets not in the
package itself and the base packages.
Flavor: r-devel-windows-x86_64