Last updated on 2025-05-09 20:49:57 CEST.
Flavor | Version | Tinstall | Tcheck | Ttotal | Status | Flags |
---|---|---|---|---|---|---|
r-devel-linux-x86_64-debian-clang | 0.3 | 2.82 | 29.07 | 31.89 | NOTE | |
r-devel-linux-x86_64-debian-gcc | 0.3 | 1.77 | 22.21 | 23.98 | NOTE | |
r-devel-linux-x86_64-fedora-clang | 0.3 | 50.86 | OK | |||
r-devel-linux-x86_64-fedora-gcc | 0.3 | 48.69 | OK | |||
r-devel-windows-x86_64 | 0.3 | 4.00 | 49.00 | 53.00 | OK | |
r-patched-linux-x86_64 | 0.3 | 3.16 | 27.96 | 31.12 | OK | |
r-release-linux-x86_64 | 0.3 | 2.78 | 28.14 | 30.92 | OK | |
r-release-macos-arm64 | 0.3 | 23.00 | OK | |||
r-release-macos-x86_64 | 0.3 | 45.00 | OK | |||
r-release-windows-x86_64 | 0.3 | 3.00 | 54.00 | 57.00 | OK | |
r-oldrel-macos-arm64 | 0.3 | 17.00 | OK | |||
r-oldrel-macos-x86_64 | 0.3 | 37.00 | OK | |||
r-oldrel-windows-x86_64 | 0.3 | 3.00 | 49.00 | 52.00 | OK |
Version: 0.3
Check: CRAN incoming feasibility
Result: NOTE
Maintainer: ‘Baidya Nath Mandal <mandal.stat@gmail.com>’
No Authors@R field in DESCRIPTION.
Please add one, modifying
Authors@R: c(person(given = c("Baidya", "Nath"),
family = "Mandal",
role = c("aut", "cre"),
email = "mandal.stat@gmail.com"),
person(given = "Jun",
family = "Ma",
role = "aut",
email = "jun.ma@mq.edu.au"))
as necessary.
Flavors: r-devel-linux-x86_64-debian-clang, r-devel-linux-x86_64-debian-gcc