CRAN Package Check Results for Package nna

Last updated on 2025-07-04 20:49:20 CEST.

Flavor Version Tinstall Tcheck Ttotal Status Flags
r-devel-linux-x86_64-debian-clang 0.0.2.1 1.58 16.33 17.91 OK
r-devel-linux-x86_64-debian-gcc 0.0.2.1 1.24 14.18 15.42 OK
r-devel-linux-x86_64-fedora-clang 0.0.2.1 28.24 OK
r-devel-linux-x86_64-fedora-gcc 0.0.2.1 26.83 OK
r-devel-windows-x86_64 0.0.2.1 4.00 35.00 39.00 OK
r-patched-linux-x86_64 0.0.2.1 1.55 15.44 16.99 OK
r-release-linux-x86_64 0.0.2.1 1.51 15.43 16.94 OK
r-release-macos-arm64 0.0.2.1 17.00 OK
r-release-macos-x86_64 0.0.2.1 26.00 OK
r-release-windows-x86_64 0.0.2.1 2.00 37.00 39.00 OK
r-oldrel-macos-arm64 0.0.2.1 13.00 NOTE
r-oldrel-macos-x86_64 0.0.2.1 21.00 NOTE
r-oldrel-windows-x86_64 0.0.2.1 2.00 33.00 35.00 NOTE

Check Details

Version: 0.0.2.1
Check: LazyData
Result: NOTE 'LazyData' is specified without a 'data' directory Flavors: r-oldrel-macos-arm64, r-oldrel-macos-x86_64, r-oldrel-windows-x86_64