Last updated on 2024-07-17 20:57:06 CEST.
Flavor | Version | Tinstall | Tcheck | Ttotal | Status | Flags |
---|---|---|---|---|---|---|
r-devel-linux-x86_64-debian-clang | 0.3-0 | 16.84 | 275.05 | 291.89 | OK | |
r-devel-linux-x86_64-debian-gcc | 0.3-0 | 11.98 | 201.20 | 213.18 | OK | |
r-devel-linux-x86_64-fedora-clang | 0.3-0 | 353.58 | OK | |||
r-devel-linux-x86_64-fedora-gcc | 0.3-0 | 339.04 | OK | |||
r-devel-windows-x86_64 | 0.3-0 | 14.00 | 198.00 | 212.00 | NOTE | |
r-patched-linux-x86_64 | 0.3-0 | 18.57 | 263.49 | 282.06 | OK | |
r-release-linux-x86_64 | 0.3-0 | 9.27 | 258.37 | 267.64 | OK | |
r-release-macos-arm64 | 0.3-0 | 85.00 | OK | |||
r-release-macos-x86_64 | 0.3-0 | 140.00 | OK | |||
r-release-windows-x86_64 | 0.3-0 | 13.00 | 200.00 | 213.00 | OK | |
r-oldrel-macos-arm64 | 0.3-0 | 88.00 | OK | |||
r-oldrel-macos-x86_64 | 0.3-0 | 135.00 | OK | |||
r-oldrel-windows-x86_64 | 0.3-0 | 17.00 | 290.00 | 307.00 | OK |
Version: 0.3-0
Check: Rd cross-references
Result: NOTE
Found the following Rd file(s) with Rd \link{} targets missing package
anchors:
nmarank.Rd: netmeta
Please provide package anchors for all Rd \link{} targets not in the
package itself and the base packages.
Flavor: r-devel-windows-x86_64