CRAN Package Check Results for Package nlreg

Last updated on 2025-04-15 21:50:42 CEST.

Flavor Version Tinstall Tcheck Ttotal Status Flags
r-devel-linux-x86_64-debian-clang 1.2-2.2 10.70 116.35 127.05 NOTE
r-devel-linux-x86_64-debian-gcc 1.2-2.2 6.95 59.90 66.85 NOTE
r-devel-linux-x86_64-fedora-clang 1.2-2.2 154.68 NOTE
r-devel-linux-x86_64-fedora-gcc 1.2-2.2 152.25 NOTE
r-devel-windows-x86_64 1.2-2.2 11.00 101.00 112.00 NOTE
r-patched-linux-x86_64 1.2-2.2 12.70 81.02 93.72 NOTE
r-release-linux-x86_64 1.2-2.2 8.85 81.05 89.90 NOTE
r-release-macos-arm64 1.2-2.2 45.00 NOTE
r-release-macos-x86_64 1.2-2.2 76.00 NOTE
r-release-windows-x86_64 1.2-2.2 12.00 101.00 113.00 NOTE
r-oldrel-macos-arm64 1.2-2.2 41.00 NOTE
r-oldrel-macos-x86_64 1.2-2.2 60.00 NOTE
r-oldrel-windows-x86_64 1.2-2.2 15.00 124.00 139.00 NOTE

Check Details

Version: 1.2-2.2
Check: Rd files
Result: NOTE checkRd: (-1) Dmean.Rd:62: Escaped LaTeX specials: \& checkRd: (-1) Dvar.Rd:63: Escaped LaTeX specials: \& Flavors: r-devel-linux-x86_64-debian-clang, r-devel-linux-x86_64-debian-gcc, r-devel-linux-x86_64-fedora-clang, r-devel-linux-x86_64-fedora-gcc, r-devel-windows-x86_64, r-patched-linux-x86_64, r-release-linux-x86_64, r-release-macos-arm64, r-release-macos-x86_64, r-release-windows-x86_64, r-oldrel-macos-arm64, r-oldrel-macos-x86_64, r-oldrel-windows-x86_64