Last updated on 2024-03-28 19:48:38 CET.
Flavor | Version | Tinstall | Tcheck | Ttotal | Status | Flags |
---|---|---|---|---|---|---|
r-devel-linux-x86_64-debian-clang | 1.0.1 | 12.85 | 224.04 | 236.89 | NOTE | |
r-devel-linux-x86_64-debian-gcc | 1.0.1 | 14.39 | 171.68 | 186.07 | NOTE | |
r-devel-linux-x86_64-fedora-clang | 1.0.1 | 307.98 | NOTE | |||
r-devel-linux-x86_64-fedora-gcc | 1.0.1 | 310.51 | NOTE | |||
r-devel-windows-x86_64 | 1.0.1 | 18.00 | 179.00 | 197.00 | NOTE | |
r-patched-linux-x86_64 | 1.0.1 | 19.37 | 215.14 | 234.51 | NOTE | |
r-release-linux-x86_64 | 1.0.1 | 16.78 | 216.55 | 233.33 | OK | |
r-release-macos-arm64 | 1.0.1 | 99.00 | OK | |||
r-release-macos-x86_64 | 1.0.1 | 157.00 | OK | |||
r-release-windows-x86_64 | 1.0.1 | 23.00 | 222.00 | 245.00 | OK | |
r-oldrel-macos-arm64 | 1.0.1 | 91.00 | OK | |||
r-oldrel-windows-x86_64 | 1.0.1 | 23.00 | 220.00 | 243.00 | OK |
Version: 1.0.1
Check: Rd files
Result: NOTE
checkRd: (-1) dot-make_long_data.Rd:44: Lost braces; missing escapes or markup?
44 | training sample), psi (the value of this observations Psihat(P_{n,B_n}^0)),
| ^
checkRd: (-1) dot-make_long_data_nested_cv.Rd:49: Lost braces; missing escapes or markup?
49 | training sample), psi (the value of this observations Psihat(P_{n,B_n}^0)),
| ^
Flavors: r-devel-linux-x86_64-debian-clang, r-devel-linux-x86_64-debian-gcc, r-devel-linux-x86_64-fedora-clang, r-devel-linux-x86_64-fedora-gcc, r-devel-windows-x86_64, r-patched-linux-x86_64