CRAN Package Check Results for Package nleqslv

Last updated on 2022-11-26 19:55:23 CET.

Flavor Version Tinstall Tcheck Ttotal Status Flags
r-devel-linux-x86_64-debian-clang 3.3.3 7.35 35.41 42.76 WARN
r-devel-linux-x86_64-debian-gcc 3.3.3 5.30 27.73 33.03 WARN
r-devel-linux-x86_64-fedora-clang 3.3.3 63.82 WARN
r-devel-linux-x86_64-fedora-gcc 3.3.3 62.02 WARN
r-devel-windows-x86_64 3.3.3 28.00 72.00 100.00 OK
r-patched-linux-x86_64 3.3.3 OK
r-release-linux-x86_64 3.3.3 6.18 33.61 39.79 OK
r-release-macos-arm64 3.3.3 23.00 OK
r-release-macos-x86_64 3.3.3 45.00 OK
r-release-windows-x86_64 3.3.3 28.00 66.00 94.00 OK
r-oldrel-macos-arm64 3.3.3 24.00 OK
r-oldrel-macos-x86_64 3.3.3 45.00 OK
r-oldrel-windows-ix86+x86_64 3.3.3 1.00 4.00 5.00 ERROR

Check Details

Version: 3.3.3
Check: whether package can be installed
Result: WARN
    Found the following significant warnings:
     init.c:11:27: warning: a function declaration without a prototype is deprecated in all versions of C [-Wstrict-prototypes]
     nleqslv.c:4:24: warning: a function declaration without a prototype is deprecated in all versions of C [-Wstrict-prototypes]
     nwout.c:49:17: warning: a function declaration without a prototype is deprecated in all versions of C [-Wstrict-prototypes]
Flavors: r-devel-linux-x86_64-debian-clang, r-devel-linux-x86_64-fedora-clang

Version: 3.3.3
Check: whether package can be installed
Result: WARN
    Found the following significant warnings:
     init.c:11:1: warning: function declaration isn’t a prototype [-Wstrict-prototypes]
     nleqslv.c:4:1: warning: function declaration isn’t a prototype [-Wstrict-prototypes]
     nwout.c:49:8: warning: function declaration isn’t a prototype [-Wstrict-prototypes]
Flavors: r-devel-linux-x86_64-debian-gcc, r-devel-linux-x86_64-fedora-gcc

Version: 3.3.3
Check: whether package can be installed
Result: ERROR
    Installation failed.
Flavor: r-oldrel-windows-ix86+x86_64