CRAN Package Check Results for Package njtr1

Last updated on 2022-10-05 21:53:40 CEST.

Flavor Version Tinstall Tcheck Ttotal Status Flags
r-devel-linux-x86_64-debian-clang 0.3.2 7.43 68.54 75.97 OK
r-devel-linux-x86_64-debian-gcc 0.3.2 5.63 50.00 55.63 OK
r-devel-linux-x86_64-fedora-clang 0.3.2 101.43 NOTE
r-devel-linux-x86_64-fedora-gcc 0.3.2 104.02 NOTE
r-devel-windows-x86_64 0.3.2 14.00 94.00 108.00 OK
r-patched-linux-x86_64 0.3.2 6.62 62.10 68.72 OK
r-release-linux-x86_64 0.3.2 7.34 62.71 70.05 OK
r-release-macos-arm64 0.3.2 32.00 NOTE
r-release-macos-x86_64 0.3.2 52.00 NOTE
r-release-windows-x86_64 0.3.2 14.00 93.00 107.00 OK
r-oldrel-macos-arm64 0.3.2 32.00 NOTE
r-oldrel-macos-x86_64 0.3.2 51.00 NOTE
r-oldrel-windows-ix86+x86_64 0.3.2 17.00 93.00 110.00 OK

Check Details

Version: 0.3.2
Check: data for non-ASCII characters
Result: NOTE
     Note: found 4 marked UTF-8 strings
Flavors: r-devel-linux-x86_64-fedora-clang, r-devel-linux-x86_64-fedora-gcc, r-release-macos-arm64, r-release-macos-x86_64, r-oldrel-macos-arm64, r-oldrel-macos-x86_64