Last updated on 2024-03-27 19:56:58 CET.
Flavor | Version | Tinstall | Tcheck | Ttotal | Status | Flags |
---|---|---|---|---|---|---|
r-devel-linux-x86_64-debian-clang | 1.0.0 | 17.19 | 237.67 | 254.86 | NOTE | |
r-devel-linux-x86_64-debian-gcc | 1.0.0 | 11.30 | 181.35 | 192.65 | NOTE | |
r-devel-linux-x86_64-fedora-clang | 1.0.0 | 339.46 | NOTE | |||
r-devel-linux-x86_64-fedora-gcc | 1.0.0 | 330.50 | NOTE | |||
r-devel-windows-x86_64 | 1.0.0 | 14.00 | 181.00 | 195.00 | NOTE | |
r-patched-linux-x86_64 | 1.0.0 | 10.25 | 229.06 | 239.31 | OK | |
r-release-linux-x86_64 | 1.0.0 | 9.54 | 227.59 | 237.13 | OK | |
r-release-macos-arm64 | 1.0.0 | 92.00 | OK | |||
r-release-macos-x86_64 | 1.0.0 | 204.00 | OK | |||
r-release-windows-x86_64 | 1.0.0 | 18.00 | 217.00 | 235.00 | OK | |
r-oldrel-macos-arm64 | 1.0.0 | 119.00 | OK | |||
r-oldrel-windows-x86_64 | 1.0.0 | 22.00 | 221.00 | 243.00 | OK |
Version: 1.0.0
Check: Rd files
Result: NOTE
checkRd: (-1) get_huc.Rd:25: Lost braces
25 | See /link{download_nhdplusv2} for documentation of that dataset.}
| ^
checkRd: (-1) get_huc12.Rd:15: Lost braces
15 | See /link{download_nhdplusv2} for documentation of that dataset.}
| ^
Flavors: r-devel-linux-x86_64-debian-clang, r-devel-linux-x86_64-debian-gcc, r-devel-linux-x86_64-fedora-clang, r-devel-linux-x86_64-fedora-gcc, r-devel-windows-x86_64