Last updated on 2024-03-28 19:48:38 CET.
Flavor | Version | Tinstall | Tcheck | Ttotal | Status | Flags |
---|---|---|---|---|---|---|
r-devel-linux-x86_64-debian-clang | 2.1 | 33.34 | 84.51 | 117.85 | NOTE | |
r-devel-linux-x86_64-debian-gcc | 2.1 | 32.96 | 62.91 | 95.87 | NOTE | |
r-devel-linux-x86_64-fedora-clang | 2.1 | 149.78 | NOTE | |||
r-devel-linux-x86_64-fedora-gcc | 2.1 | 161.51 | NOTE | |||
r-devel-windows-x86_64 | 2.1 | 29.00 | 102.00 | 131.00 | NOTE | |
r-patched-linux-x86_64 | 2.1 | 38.48 | 81.65 | 120.13 | NOTE | |
r-release-linux-x86_64 | 2.1 | 37.48 | 85.45 | 122.93 | NOTE | |
r-release-macos-arm64 | 2.1 | 50.00 | NOTE | |||
r-release-macos-x86_64 | 2.1 | 104.00 | NOTE | |||
r-release-windows-x86_64 | 2.1 | 37.00 | 118.00 | 155.00 | NOTE | |
r-oldrel-macos-arm64 | 2.1 | 48.00 | OK | |||
r-oldrel-windows-x86_64 | 2.1 | 33.00 | 115.00 | 148.00 | OK |
Version: 2.1
Check: C++ specification
Result: NOTE
Specified C++14: please drop specification unless essential
Flavors: r-devel-linux-x86_64-debian-clang, r-devel-linux-x86_64-debian-gcc, r-devel-linux-x86_64-fedora-clang, r-devel-linux-x86_64-fedora-gcc, r-devel-windows-x86_64, r-patched-linux-x86_64, r-release-linux-x86_64, r-release-macos-arm64, r-release-macos-x86_64, r-release-windows-x86_64