CRAN Package Check Results for Package networkscaleup

Last updated on 2024-02-25 19:50:04 CET.

Flavor Version Tinstall Tcheck Ttotal Status Flags
r-devel-linux-x86_64-debian-clang 0.1-1 2453.42 356.99 2810.41 NOTE
r-devel-linux-x86_64-debian-gcc 0.1-1 2228.27 421.48 2649.75 NOTE
r-devel-linux-x86_64-fedora-clang 0.1-1 3370.62 NOTE
r-devel-linux-x86_64-fedora-gcc 0.1-1 4932.39 NOTE
r-devel-windows-x86_64 0.1-1 1825.00 447.00 2272.00 NOTE
r-patched-linux-x86_64 0.1-1 0.02 3.76 3.78 ERROR
r-release-linux-x86_64 0.1-1 1954.22 547.53 2501.75 NOTE
r-release-macos-arm64 0.1-1 865.00 NOTE
r-release-macos-x86_64 0.1-1 1380.00 NOTE
r-release-windows-x86_64 0.1-1 2316.00 568.00 2884.00 NOTE
r-oldrel-macos-arm64 0.1-1 786.00 NOTE
r-oldrel-windows-x86_64 0.1-1 2177.00 516.00 2693.00 NOTE

Check Details

Version: 0.1-1
Check: for GNU extensions in Makefiles
Result: NOTE GNU make is a SystemRequirements. Flavors: r-devel-linux-x86_64-debian-clang, r-devel-linux-x86_64-debian-gcc, r-devel-linux-x86_64-fedora-clang, r-devel-linux-x86_64-fedora-gcc, r-devel-windows-x86_64, r-release-linux-x86_64, r-release-macos-arm64, r-release-macos-x86_64, r-release-windows-x86_64, r-oldrel-macos-arm64, r-oldrel-windows-x86_64

Version: 0.1-1
Check: installed package size
Result: NOTE installed size is 20.3Mb sub-directories of 1Mb or more: libs 19.5Mb Flavors: r-devel-linux-x86_64-fedora-clang, r-devel-windows-x86_64, r-release-macos-arm64, r-release-macos-x86_64, r-release-windows-x86_64, r-oldrel-macos-arm64, r-oldrel-windows-x86_64

Version: 0.1-1
Check: dependencies in R code
Result: NOTE Namespaces in Imports field not imported from: ‘RcppParallel’ ‘rstantools’ All declared Imports should be used. Flavors: r-devel-linux-x86_64-fedora-clang, r-devel-linux-x86_64-fedora-gcc, r-oldrel-macos-arm64

Version: 0.1-1
Check: whether package can be installed
Result: ERROR Installation failed. Flavor: r-patched-linux-x86_64